{"id":14,"date":"2021-10-14T10:36:54","date_gmt":"2021-10-14T08:36:54","guid":{"rendered":"https:\/\/nulk.cz\/atlastextilu\/?page_id=14"},"modified":"2021-10-14T10:37:29","modified_gmt":"2021-10-14T08:37:29","slug":"uvod","status":"publish","type":"page","link":"https:\/\/nulk.cz\/atlastextilu\/","title":{"rendered":"\u00davod"},"content":{"rendered":"\n<p>Atlas textilu je interaktivn\u00ed platformou, kde se mohou badatel\u00e9-etnografov\u00e9 a z\u00e1jemci z \u0159ad \u0161irok\u00e9 ve\u0159ejnosti sezn\u00e1mit s \u0161\u00ed\u0159\u00ed tkanin u\u017e\u00edvan\u00fdch ke zhotoven\u00ed od\u011bvn\u00edch sou\u010d\u00e1stech tradi\u010dn\u00edho od\u011bvu na Morav\u011b v letech 1850 a\u017e 1950. Datab\u00e1ze zahrnuje jednak textovou \u010d\u00e1st s popisy tkanin a d\u00e1le obrazovou \u010d\u00e1st s uk\u00e1zkami konkr\u00e9tn\u00edchi tkanin z depozit\u00e1\u0159\u016f muze\u00ed. N\u00e1v\u0161t\u011bvn\u00edk str\u00e1nek m\u016f\u017ee vyhledat tkaninu a sezn\u00e1mit se s jej\u00edmi z\u00e1kladn\u00ed technick\u00fdmi parametry, provenien\u010dn\u00edmi i eviden\u010dn\u00edmi \u00fadaji. P\u0159ilo\u017eena je i celkov\u00e1 fotografie od\u011bvn\u00edch sou\u010d\u00e1stek, na nich\u017e byly tkaniny zachyceny. Sou\u010dasn\u011b je sestaven p\u0159ehledn\u00fd seznam tkanin se z\u00e1kladn\u00edmi popisy a slovn\u00edk pou\u017e\u00edvan\u00fdch odborn\u00fdch pojm\u016f.<\/p>\n\n\n\n<p>Podoba Atlasu textilu vze\u0161la z p\u011btilet\u00e9ho v\u00fdzkumn\u00e9ho z\u00e1m\u011bru, kter\u00fd se zab\u00fdval st\u0159ihov\u00fdmi variantami tradi\u010dn\u00edho od\u011bvu z prost\u0159ed\u00ed Moravy, preventivn\u00ed konzervac\u00ed textiln\u00edch sb\u00edrek, anal\u00fdzou a identifikac\u00ed textiln\u00edch technik a v\u00fdrobn\u00edch postup\u016f. B\u011bhem studia od\u011bvn\u00edch tkanin bylo zapo\u010dato se shroma\u017e\u010fov\u00e1n\u00edm \u00fadaj\u016f o od\u011bvn\u00edch tkanin\u00e1ch nal\u00e9zaj\u00edc\u00edch se na tradi\u010dn\u00edch od\u011bvech. Vzhledem k velk\u00e9mu po\u010dtu od\u011bvn\u00edch sou\u010d\u00e1stek z p\u0159elomu 19. a 20. stolet\u00ed, kter\u00e9 jsou dochov\u00e1ny v muzejn\u00edch sb\u00edrk\u00e1ch, je dochov\u00e1n pom\u011brn\u011b bohat\u00fd textiln\u00ed materi\u00e1l. Pr\u00e1ce s konkr\u00e9tn\u00edmi od\u011bvn\u00edmi kusy v\u0161ak uk\u00e1zala, \u017ee nelze v\u017edy a spolehliv\u011b identifikovat tkaniny s dobov\u00fdmi n\u00e1zvy a obr\u00e1cen\u011b. V n\u011bkolika p\u0159\u00edpadech bylo p\u0159i volb\u011b n\u00e1zvu tkaniny p\u0159ihl\u00e9dnuto k \u00fadaj\u016fm fixovan\u00fdm ve sb\u00edrkov\u00e9 evidenci jednotliv\u00fdch instituc\u00ed. Pokud ani tato cesta nebyla mo\u017en\u00e1, byl zvolen obecn\u00fd n\u00e1zev tkaniny dle druhu textiln\u00edch surovin. Druhy tknanin byly zvoleny s ohledem na textiln\u011b technologick\u00fd pohled a hledisko etnografick\u00e9 \u010di etnologick\u00e9 je a\u017e dopl\u0148uj\u00edc\u00edm krit\u00e9riem. Tkaniny jsou \u0159azeny podle typologie textiln\u00edch tkanin definovan\u00e9 odbornou textiln\u00ed terminologi\u00ed a region\u00e1ln\u00ed n\u00e1zvy jsou u popisu tkanin pouze jako doprovodn\u00e1 informace, jako dal\u0161\u00ed n\u00e1zev tkaniny.<\/p>\n\n\n\n<p>Atlas textilu.cz je \u017eivou platformou pro nov\u00e9 p\u0159isp\u011bvatele i nov\u00e9 badatele. Pro vkl\u00e1d\u00e1n\u00ed dotaz\u016f a nov\u00fdch p\u0159\u00edsp\u011bvk\u016f je mo\u017en\u00e9 vyu\u017e\u00edt kontakty na tv\u016frce.<\/p>\n\n\n\n<p>Webov\u00e1 str\u00e1nka&nbsp;<strong>Atlas textilu<\/strong>&nbsp;byla vytvo\u0159ena jako d\u00edl\u010d\u00ed v\u00fdstup z projektu NAKI DF11 P01OVV017 Tradi\u010dn\u00ed lidov\u00fd od\u011bv na Morav\u011b &#8211; identifikace, anal\u00fdza, konzervace a trvale udr\u017eiteln\u00fd stav sb\u00edrkov\u00e9ho materi\u00e1lu z let 1850-1950.<\/p>\n\n\n\n<p><strong>Autorsk\u00fd kolektiv:<\/strong><br>PhDr. Petra Mertov\u00e1, Ph.D.<br>Ing. Alena Samoh\u00fdlov\u00e1<\/p>\n","protected":false},"excerpt":{"rendered":"<p>Atlas textilu je interaktivn\u00ed platformou, kde se mohou badatel\u00e9-etnografov\u00e9 a z\u00e1jemci z \u0159ad \u0161irok\u00e9 ve\u0159ejnosti sezn\u00e1mit s \u0161\u00ed\u0159\u00ed tkanin u\u017e\u00edvan\u00fdch ke zhotoven\u00ed od\u011bvn\u00edch sou\u010d\u00e1stech tradi\u010dn\u00edho od\u011bvu na Morav\u011b v letech 1850 a\u017e 1950. Datab\u00e1ze zahrnuje jednak textovou \u010d\u00e1st s popisy tkanin a d\u00e1le obrazovou \u010d\u00e1st s uk\u00e1zkami konkr\u00e9tn\u00edchi tkanin z depozit\u00e1\u0159\u016f muze\u00ed. N\u00e1v\u0161t\u011bvn\u00edk str\u00e1nek m\u016f\u017ee [&hellip;]<\/p>\n","protected":false},"author":1,"featured_media":0,"parent":0,"menu_order":0,"comment_status":"closed","ping_status":"closed","template":"","meta":{"footnotes":""},"class_list":["post-14","page","type-page","status-publish","hentry","entry","owp-thumbs-layout-vertical","owp-btn-normal","owp-tabs-layout-horizontal","has-no-thumbnails","has-product-nav"],"_links":{"self":[{"href":"https:\/\/nulk.cz\/atlastextilu\/wp-json\/wp\/v2\/pages\/14","targetHints":{"allow":["GET"]}}],"collection":[{"href":"https:\/\/nulk.cz\/atlastextilu\/wp-json\/wp\/v2\/pages"}],"about":[{"href":"https:\/\/nulk.cz\/atlastextilu\/wp-json\/wp\/v2\/types\/page"}],"author":[{"embeddable":true,"href":"https:\/\/nulk.cz\/atlastextilu\/wp-json\/wp\/v2\/users\/1"}],"replies":[{"embeddable":true,"href":"https:\/\/nulk.cz\/atlastextilu\/wp-json\/wp\/v2\/comments?post=14"}],"version-history":[{"count":2,"href":"https:\/\/nulk.cz\/atlastextilu\/wp-json\/wp\/v2\/pages\/14\/revisions"}],"predecessor-version":[{"id":19,"href":"https:\/\/nulk.cz\/atlastextilu\/wp-json\/wp\/v2\/pages\/14\/revisions\/19"}],"wp:attachment":[{"href":"https:\/\/nulk.cz\/atlastextilu\/wp-json\/wp\/v2\/media?parent=14"}],"curies":[{"name":"wp","href":"https:\/\/api.w.org\/{rel}","templated":true}]}}

Úvod

<p>Atlas textilu je interaktivní platformou, kde se mohou badatelé-etnografové a zájemci z řad široké veřejnosti seznámit s šíří tkanin užívaných ke zhotovení oděvních součástech tradičního oděvu na Moravě v letech 1850 až 1950. Databáze zahrnuje jednak textovou část s popisy tkanin a dále obrazovou část s ukázkami konkrétníchi tkanin z depozitářů muzeí. Návštěvník stránek může vyhledat tkaninu a seznámit se s jejími základní technickými parametry, provenienčními i evidenčními údaji. Přiložena je i celková fotografie oděvních součástek, na nichž byly tkaniny zachyceny. Současně je sestaven přehledný seznam tkanin se základními popisy a slovník používaných odborných pojmů.</p>



<p>Podoba Atlasu textilu vzešla z pětiletého výzkumného záměru, který se zabýval střihovými variantami tradičního oděvu z prostředí Moravy, preventivní konzervací textilních sbírek, analýzou a identifikací textilních technik a výrobních postupů. Během studia oděvních tkanin bylo započato se shromažďováním údajů o oděvních tkaninách nalézajících se na tradičních oděvech. Vzhledem k velkému počtu oděvních součástek z přelomu 19. a 20. století, které jsou dochovány v muzejních sbírkách, je dochován poměrně bohatý textilní materiál. Práce s konkrétními oděvními kusy však ukázala, že nelze vždy a spolehlivě identifikovat tkaniny s dobovými názvy a obráceně. V několika případech bylo při volbě názvu tkaniny přihlédnuto k údajům fixovaným ve sbírkové evidenci jednotlivých institucí. Pokud ani tato cesta nebyla možná, byl zvolen obecný název tkaniny dle druhu textilních surovin. Druhy tknanin byly zvoleny s ohledem na textilně technologický pohled a hledisko etnografické či etnologické je až doplňujícím kritériem. Tkaniny jsou řazeny podle typologie textilních tkanin definované odbornou textilní terminologií a regionální názvy jsou u popisu tkanin pouze jako doprovodná informace, jako další název tkaniny.</p>



<p>Atlas textilu.cz je živou platformou pro nové přispěvatele i nové badatele. Pro vkládání dotazů a nových příspěvků je možné využít kontakty na tvůrce.</p>



<p>Webová stránka&nbsp;<strong>Atlas textilu</strong>&nbsp;byla vytvořena jako dílčí výstup z projektu NAKI DF11 P01OVV017 Tradiční lidový oděv na Moravě &#8211; identifikace, analýza, konzervace a trvale udržitelný stav sbírkového materiálu z let 1850-1950.</p>



<p><strong>Autorský kolektiv:</strong><br>PhDr. Petra Mertová, Ph.D.<br>Ing. Alena Samohýlová</p>

<p>Atlas textilu je interaktivní platformou, kde se mohou badatelé-etnografové a zájemci z řad široké veřejnosti seznámit s šíří tkanin užívaných ke zhotovení oděvních součástech tradičního oděvu na Moravě v letech 1850 až 1950. Databáze zahrnuje jednak textovou část s popisy tkanin a dále obrazovou část s ukázkami konkrétníchi tkanin z depozitářů muzeí. Návštěvník stránek může [&hellip;]</p>
