{"id":161,"date":"2022-01-08T20:08:40","date_gmt":"2022-01-08T19:08:40","guid":{"rendered":"https:\/\/nulk.cz\/atlastextilu\/?page_id=161"},"modified":"2022-06-06T07:33:00","modified_gmt":"2022-06-06T05:33:00","slug":"kontakty","status":"publish","type":"page","link":"https:\/\/nulk.cz\/atlastextilu\/kontakty\/","title":{"rendered":"Kontakty"},"content":{"rendered":"\n<p><\/p>\n\n\n\n<p><strong>\u0158e\u0161itel\u00e9 projektu<\/strong>:<br>PhDr. Petra Mertov\u00e1, Ph.D.<br>Ing. Alena Samoh\u00fdlov\u00e1<\/p>\n\n\n\n<p>S<strong>polupracovn\u00edci:<\/strong><br>Ludv\u00edk Holcner<br>Mgr. Gabriela Ro\u017ekov\u00e1 &#8211; Etnografick\u00fd \u00fastav, Moravsk\u00e9 zemsk\u00e9 muzeum Brno<br>Mgr. Lucie Ba\u0148a\u0159ov\u00e1 &#8211; N\u00e1rodn\u00ed \u00fastav lidov\u00e9 kultury Str\u00e1\u017enice<br><\/p>\n\n\n\n<p><strong>Kontaktn\u00ed spojen\u00ed:<\/strong><br>N\u00e1rodn\u00ed \u00fastav lidov\u00e9 kultury<br>Mgr. Martin \u0160im\u0161a, Ph.D.<br>Z\u00e1mek 672<br>Str\u00e1\u017enice<br>696 62<br>tel. 518 306 650<br>email: <a href=\"mailto:martin.simsa@nulk.cz\">martin.simsa@nulk.cz<\/a><\/p>\n","protected":false},"excerpt":{"rendered":"<p>\u0158e\u0161itel\u00e9 projektu:PhDr. Petra Mertov\u00e1, Ph.D.Ing. Alena Samoh\u00fdlov\u00e1 Spolupracovn\u00edci:Ludv\u00edk HolcnerMgr. Gabriela Ro\u017ekov\u00e1 &#8211; Etnografick\u00fd \u00fastav, Moravsk\u00e9 zemsk\u00e9 muzeum BrnoMgr. Lucie Ba\u0148a\u0159ov\u00e1 &#8211; N\u00e1rodn\u00ed \u00fastav lidov\u00e9 kultury Str\u00e1\u017enice Kontaktn\u00ed spojen\u00ed:N\u00e1rodn\u00ed \u00fastav lidov\u00e9 kulturyMgr. Martin \u0160im\u0161a, Ph.D.Z\u00e1mek 672Str\u00e1\u017enice696 62tel. 518 306 650email: martin.simsa@nulk.cz<\/p>\n","protected":false},"author":1,"featured_media":0,"parent":0,"menu_order":0,"comment_status":"closed","ping_status":"closed","template":"","meta":{"footnotes":""},"class_list":["post-161","page","type-page","status-publish","hentry","entry","owp-thumbs-layout-vertical","owp-btn-normal","owp-tabs-layout-horizontal","has-no-thumbnails","has-product-nav"],"_links":{"self":[{"href":"https:\/\/nulk.cz\/atlastextilu\/wp-json\/wp\/v2\/pages\/161","targetHints":{"allow":["GET"]}}],"collection":[{"href":"https:\/\/nulk.cz\/atlastextilu\/wp-json\/wp\/v2\/pages"}],"about":[{"href":"https:\/\/nulk.cz\/atlastextilu\/wp-json\/wp\/v2\/types\/page"}],"author":[{"embeddable":true,"href":"https:\/\/nulk.cz\/atlastextilu\/wp-json\/wp\/v2\/users\/1"}],"replies":[{"embeddable":true,"href":"https:\/\/nulk.cz\/atlastextilu\/wp-json\/wp\/v2\/comments?post=161"}],"version-history":[{"count":4,"href":"https:\/\/nulk.cz\/atlastextilu\/wp-json\/wp\/v2\/pages\/161\/revisions"}],"predecessor-version":[{"id":478,"href":"https:\/\/nulk.cz\/atlastextilu\/wp-json\/wp\/v2\/pages\/161\/revisions\/478"}],"wp:attachment":[{"href":"https:\/\/nulk.cz\/atlastextilu\/wp-json\/wp\/v2\/media?parent=161"}],"curies":[{"name":"wp","href":"https:\/\/api.w.org\/{rel}","templated":true}]}}