{"id":258,"date":"2022-02-10T07:35:03","date_gmt":"2022-02-10T06:35:03","guid":{"rendered":"https:\/\/nulk.cz\/atlastextilu\/?post_type=product&#038;p=258"},"modified":"2022-02-10T07:36:59","modified_gmt":"2022-02-10T06:36:59","slug":"atlas-nulk-5424","status":"publish","type":"product","link":"https:\/\/nulk.cz\/atlastextilu\/vzorek\/atlas-nulk-5424\/","title":{"rendered":"atlas &#8211; N\u00daLK 5424"},"content":{"rendered":"","protected":false},"excerpt":{"rendered":"<p>&#8222;Kordula&#8220; je u\u0161ita ze \u010dty\u0159 \u010d\u00e1st\u00ed, dole je v\u0161ita do \u00fazk\u00e9ho p\u00e1sku. &#8222;Kordula&#8220; je u\u0161ita z hedv\u00e1bn\u00e9ho atlasu (kv\u011btinov\u00e9 motivy na b\u00e9\u017eov\u00e9m podklad\u011b).<\/p>\n","protected":false},"featured_media":259,"template":"","meta":[],"product_brand":[],"product_cat":[18],"product_tag":[],"class_list":{"0":"post-258","1":"product","2":"type-product","3":"status-publish","4":"has-post-thumbnail","6":"product_cat-atlas","7":"pa_barevnost-osnovnich-niti-cervena","8":"pa_barevnost-osnovnich-niti-fialova","9":"pa_barevnost-osnovnich-niti-modra","10":"pa_barevnost-osnovnich-niti-ruzova","11":"pa_barevnost-osnovnich-niti-zelena","12":"pa_barevnost-osnovnich-niti-zluta","13":"pa_barevnost-textilie-vicebarevna","14":"pa_barevnost-utkovych-niti-cervena","15":"pa_barevnost-utkovych-niti-fialova","16":"pa_barevnost-utkovych-niti-modra","17":"pa_barevnost-utkovych-niti-ruzova","18":"pa_barevnost-utkovych-niti-zelena","19":"pa_barevnost-utkovych-niti-zluta","20":"pa_datace-ramcova-1-pol-20-stol","21":"pa_dostava-na-1-cm2-0-0","22":"pa_evidencni-c-65","23":"pa_instituce-nulk-narodni-ustav-lidove-kultury-ve-straznici","24":"pa_konstrukce-osnovnich-niti-jednoducha-nit","25":"pa_konstrukce-utkovych-niti-jednoducha-nit","26":"pa_lokalita-dle-uziti-slovacko-dolnacko","27":"pa_lokalita-kraj-zlinsky","28":"pa_lokalita-obec-buchlovice","29":"pa_lokalita-obec-uherske-hradiste","30":"pa_nazev-textilie-atlas","31":"pa_popsano-na-casti-odevu-jiny-viz-popis","32":"pa_tkanina-zjistena-na-kordulka","33":"pa_typ-textilie-tkanina","34":"pa_typ-vazby-atlas","35":"pa_vlakna-osnovnich-niti-hedvabi","36":"pa_vlakna-utkovych-niti-bavlna","37":"pa_vyrobce-textilie-neznamy","39":"entry","40":"has-media","42":"first","43":"instock","44":"shipping-taxable","45":"product-type-simple","46":"has-product-nav","47":"col","48":"span_1_of_5","49":"owp-content-center","50":"owp-thumbs-layout-vertical","51":"owp-btn-normal","52":"owp-tabs-layout-horizontal"},"_links":{"self":[{"href":"https:\/\/nulk.cz\/atlastextilu\/wp-json\/wp\/v2\/product\/258","targetHints":{"allow":["GET"]}}],"collection":[{"href":"https:\/\/nulk.cz\/atlastextilu\/wp-json\/wp\/v2\/product"}],"about":[{"href":"https:\/\/nulk.cz\/atlastextilu\/wp-json\/wp\/v2\/types\/product"}],"wp:featuredmedia":[{"embeddable":true,"href":"https:\/\/nulk.cz\/atlastextilu\/wp-json\/wp\/v2\/media\/259"}],"wp:attachment":[{"href":"https:\/\/nulk.cz\/atlastextilu\/wp-json\/wp\/v2\/media?parent=258"}],"wp:term":[{"taxonomy":"product_brand","embeddable":true,"href":"https:\/\/nulk.cz\/atlastextilu\/wp-json\/wp\/v2\/product_brand?post=258"},{"taxonomy":"product_cat","embeddable":true,"href":"https:\/\/nulk.cz\/atlastextilu\/wp-json\/wp\/v2\/product_cat?post=258"},{"taxonomy":"product_tag","embeddable":true,"href":"https:\/\/nulk.cz\/atlastextilu\/wp-json\/wp\/v2\/product_tag?post=258"}],"curies":[{"name":"wp","href":"https:\/\/api.w.org\/{rel}","templated":true}]}}