{"id":319,"date":"2022-05-31T09:15:13","date_gmt":"2022-05-31T07:15:13","guid":{"rendered":"https:\/\/nulk.cz\/atlastextilu\/?post_type=product&#038;p=319"},"modified":"2022-05-31T09:15:24","modified_gmt":"2022-05-31T07:15:24","slug":"brokat-nulk-4781","status":"publish","type":"product","link":"https:\/\/nulk.cz\/atlastextilu\/vzorek\/brokat-nulk-4781\/","title":{"rendered":"brok\u00e1t N\u00daLK 4781"},"content":{"rendered":"","protected":false},"excerpt":{"rendered":"<p>Kordula &#8222;orn\u00e1tov\u00e1&#8220; z b\u00edl\u00e9ho brok\u00e1tu s vytk\u00e1van\u00fdm velkoplo\u0161n\u00fdm rostlinn\u00fdm motivem (\u010derv. r\u016f\u017ee) i st\u0159\u00edbrnou a zlatou nit\u00ed. Vesta je u\u0161it\u00e1 ze 4 d\u00edl\u016f (2 kl\u00ednovit\u00e9 d\u00edly tvo\u0159\u00ed st\u0159ed zad se \u0161\u016fskem, 2 d\u00edly tvo\u0159\u00ed p\u0159edn\u00ed d\u00edly s boky zad).<\/p>\n","protected":false},"featured_media":320,"template":"","meta":[],"product_brand":[],"product_cat":[19],"product_tag":[],"class_list":{"0":"post-319","1":"product","2":"type-product","3":"status-publish","4":"has-post-thumbnail","6":"product_cat-brokat","7":"pa_barevnost-osnovnich-niti-bila","8":"pa_barevnost-textilie-vicebarevna","9":"pa_barevnost-utkovych-niti-bila","10":"pa_barevnost-utkovych-niti-cervena","11":"pa_barevnost-utkovych-niti-zelena","12":"pa_barevnost-utkovych-niti-zluta","13":"pa_datace-ramcova-1-pol-20-stol","14":"pa_dostava-na-1-cm2-0-0","15":"pa_evidencni-c-128","16":"pa_instituce-nulk-narodni-ustav-lidove-kultury-ve-straznici","17":"pa_konstrukce-osnovnich-niti-jednoducha-nit","18":"pa_konstrukce-utkovych-niti-jednoducha-nit","19":"pa_lokalita-dle-uziti-slovacko-dolnacko","20":"pa_lokalita-kraj-jihomoravsky","21":"pa_lokalita-obec-hodonin","22":"pa_lokalita-obec-rohatec","23":"pa_nazev-textilie-brokat","24":"pa_popsano-na-casti-odevu-jiny-viz-popis","25":"pa_tkanina-zjistena-na-muzska-kordula","26":"pa_typ-textilie-tkanina","27":"pa_typ-vazby-nezadano","28":"pa_vlakna-osnovnich-niti-nezjisteno","29":"pa_vlakna-utkovych-niti-nezjisteno","30":"pa_vyrobce-textilie-neznamy","32":"entry","33":"has-media","35":"first","36":"instock","37":"shipping-taxable","38":"product-type-simple","39":"has-product-nav","40":"col","41":"span_1_of_5","42":"owp-content-center","43":"owp-thumbs-layout-vertical","44":"owp-btn-normal","45":"owp-tabs-layout-horizontal"},"_links":{"self":[{"href":"https:\/\/nulk.cz\/atlastextilu\/wp-json\/wp\/v2\/product\/319","targetHints":{"allow":["GET"]}}],"collection":[{"href":"https:\/\/nulk.cz\/atlastextilu\/wp-json\/wp\/v2\/product"}],"about":[{"href":"https:\/\/nulk.cz\/atlastextilu\/wp-json\/wp\/v2\/types\/product"}],"wp:featuredmedia":[{"embeddable":true,"href":"https:\/\/nulk.cz\/atlastextilu\/wp-json\/wp\/v2\/media\/320"}],"wp:attachment":[{"href":"https:\/\/nulk.cz\/atlastextilu\/wp-json\/wp\/v2\/media?parent=319"}],"wp:term":[{"taxonomy":"product_brand","embeddable":true,"href":"https:\/\/nulk.cz\/atlastextilu\/wp-json\/wp\/v2\/product_brand?post=319"},{"taxonomy":"product_cat","embeddable":true,"href":"https:\/\/nulk.cz\/atlastextilu\/wp-json\/wp\/v2\/product_cat?post=319"},{"taxonomy":"product_tag","embeddable":true,"href":"https:\/\/nulk.cz\/atlastextilu\/wp-json\/wp\/v2\/product_tag?post=319"}],"curies":[{"name":"wp","href":"https:\/\/api.w.org\/{rel}","templated":true}]}}

brokát NÚLK 4781

<p>Kordula &#8222;ornátová&#8220; z bílého brokátu s vytkávaným velkoplošným rostlinným motivem (červ. růže) i stříbrnou a zlatou nití. Vesta je ušitá ze 4 dílů (2 klínovité díly tvoří střed zad se šůskem, 2 díly tvoří přední díly s boky zad).</p>
