{"id":329,"date":"2022-05-31T09:22:58","date_gmt":"2022-05-31T07:22:58","guid":{"rendered":"https:\/\/nulk.cz\/atlastextilu\/?post_type=product&#038;p=329"},"modified":"2022-05-31T09:22:58","modified_gmt":"2022-05-31T07:22:58","slug":"brokat-nulk-6922","status":"publish","type":"product","link":"https:\/\/nulk.cz\/atlastextilu\/vzorek\/brokat-nulk-6922\/","title":{"rendered":"brok\u00e1t N\u00daLK 6922"},"content":{"rendered":"","protected":false},"excerpt":{"rendered":"<p>&#8222;Kordula&#8220; kr\u00e1tk\u00e1 pod prsa, z \u010derven\u00e9ho brok\u00e1tu s vytk\u00e1van\u00fdm pestr\u00fdm rostlinn\u00fdm motivem st\u0159\u00edbrnou a zlatou nit\u00ed. U\u0161it\u00e1 je ze 4 d\u00edl\u016f; st\u0159ed zad tvo\u0159\u00ed 2 kl\u00ednovit\u00e9 d\u00edly. Okraje vesty, pr\u016framky a \u0161vy jsou zdoben\u00e9 na\u0161it\u00fdmi drobn\u00fdmi r\u016f\u017eov\u00fdmi kor\u00e1lky do vlnovek, d\u00e1le na\u0161itou \u017elutou a b\u00edlou kovovou portou, stuhami, modr\u00fdmi, r\u016f\u017eov\u00fdmi a zelen\u00fdmi \u0161\u0148\u016fre\u010dkami. Kraje v\u00fdst\u0159ihu, zap\u00edn\u00e1n\u00ed, pr\u016framku zdoben\u00e9 na\u0161it\u00fdmi \u010derven\u00fdmi zoubky.<\/p>\n","protected":false},"featured_media":330,"template":"","meta":[],"product_brand":[],"product_cat":[19],"product_tag":[],"class_list":{"0":"post-329","1":"product","2":"type-product","3":"status-publish","4":"has-post-thumbnail","6":"product_cat-brokat","7":"pa_barevnost-osnovnich-niti-cervena","8":"pa_barevnost-osnovnich-niti-zelena","9":"pa_barevnost-textilie-vicebarevna","10":"pa_barevnost-utkovych-niti-cervena","11":"pa_barevnost-utkovych-niti-zelena","12":"pa_datace-ramcova-1-pol-20-stol","13":"pa_dostava-na-1-cm2-0-0","14":"pa_evidencni-c-133","15":"pa_instituce-nulk-narodni-ustav-lidove-kultury-ve-straznici","16":"pa_konstrukce-osnovnich-niti-jednoducha-nit","17":"pa_konstrukce-utkovych-niti-jednoducha-nit","18":"pa_lokalita-dle-uziti-slovacko-dolnacko","19":"pa_lokalita-kraj-jihomoravsky","20":"pa_lokalita-obec-dolni-bojanovice","21":"pa_lokalita-obec-hodonin","22":"pa_nazev-textilie-brokat","23":"pa_popsano-na-casti-odevu-jiny-viz-popis","24":"pa_tkanina-zjistena-na-muzska-kordula","25":"pa_typ-textilie-tkanina","26":"pa_typ-vazby-neznama","27":"pa_vlakna-osnovnich-niti-nezjisteno","28":"pa_vlakna-utkovych-niti-nezjisteno","29":"pa_vyrobce-textilie-neznamy","31":"entry","32":"has-media","34":"first","35":"instock","36":"shipping-taxable","37":"product-type-simple","38":"has-product-nav","39":"col","40":"span_1_of_5","41":"owp-content-center","42":"owp-thumbs-layout-vertical","43":"owp-btn-normal","44":"owp-tabs-layout-horizontal"},"_links":{"self":[{"href":"https:\/\/nulk.cz\/atlastextilu\/wp-json\/wp\/v2\/product\/329","targetHints":{"allow":["GET"]}}],"collection":[{"href":"https:\/\/nulk.cz\/atlastextilu\/wp-json\/wp\/v2\/product"}],"about":[{"href":"https:\/\/nulk.cz\/atlastextilu\/wp-json\/wp\/v2\/types\/product"}],"wp:featuredmedia":[{"embeddable":true,"href":"https:\/\/nulk.cz\/atlastextilu\/wp-json\/wp\/v2\/media\/330"}],"wp:attachment":[{"href":"https:\/\/nulk.cz\/atlastextilu\/wp-json\/wp\/v2\/media?parent=329"}],"wp:term":[{"taxonomy":"product_brand","embeddable":true,"href":"https:\/\/nulk.cz\/atlastextilu\/wp-json\/wp\/v2\/product_brand?post=329"},{"taxonomy":"product_cat","embeddable":true,"href":"https:\/\/nulk.cz\/atlastextilu\/wp-json\/wp\/v2\/product_cat?post=329"},{"taxonomy":"product_tag","embeddable":true,"href":"https:\/\/nulk.cz\/atlastextilu\/wp-json\/wp\/v2\/product_tag?post=329"}],"curies":[{"name":"wp","href":"https:\/\/api.w.org\/{rel}","templated":true}]}}

brokát NÚLK 6922

<p>&#8222;Kordula&#8220; krátká pod prsa, z červeného brokátu s vytkávaným pestrým rostlinným motivem stříbrnou a zlatou nití. Ušitá je ze 4 dílů; střed zad tvoří 2 klínovité díly. Okraje vesty, průramky a švy jsou zdobené našitými drobnými růžovými korálky do vlnovek, dále našitou žlutou a bílou kovovou portou, stuhami, modrými, růžovými a zelenými šňůrečkami. Kraje výstřihu, zapínání, průramku zdobené našitými červenými zoubky.</p>
