{"id":377,"date":"2022-06-01T07:06:08","date_gmt":"2022-06-01T05:06:08","guid":{"rendered":"https:\/\/nulk.cz\/atlastextilu\/?post_type=product&#038;p=377"},"modified":"2022-06-01T07:06:09","modified_gmt":"2022-06-01T05:06:09","slug":"gradl-mzm-6-576","status":"publish","type":"product","link":"https:\/\/nulk.cz\/atlastextilu\/vzorek\/gradl-mzm-6-576\/","title":{"rendered":"gr\u00e1dl MZM 6 576"},"content":{"rendered":"","protected":false},"excerpt":{"rendered":"<p>Vzorek tkaniny zv. gr\u00e1dl, vzor s p\u00e1sem list\u016f.<\/p>\n<div class=\"field field-name-field-regionaln-nazev-textilie field-type-text field-label-above\">\n<div class=\"field-label\">Region\u00e1ln\u00ed n\u00e1zev textilie:<\/div>\n<div class=\"field-items\">\n<div class=\"field-item even\">p\u0159azov\u00fd gr\u00e1dl<\/div>\n<\/div>\n<\/div>\n","protected":false},"featured_media":378,"template":"","meta":[],"product_brand":[],"product_cat":[194],"product_tag":[],"class_list":{"0":"post-377","1":"product","2":"type-product","3":"status-publish","4":"has-post-thumbnail","6":"product_cat-gradl","7":"pa_barevnost-osnovnich-niti-prirodni-svetla","8":"pa_barevnost-textilie-prirodni-svetla-barevnost","9":"pa_barevnost-utkovych-niti-prirodni-svetla","10":"pa_datace-ramcova-2-pol-19-stol","11":"pa_dostava-na-1-cm2-24-23","12":"pa_evidencni-c-206","13":"pa_instituce-mzm-moravske-zemske-muzeum-etnograficky-ustav","14":"pa_konstrukce-osnovnich-niti-jednoducha-nit","15":"pa_konstrukce-utkovych-niti-jednoducha-nit","16":"pa_lokalita-dle-uziti-valassko","17":"pa_lokalita-kraj-zlinsky","18":"pa_lokalita-obec-roznov-pod-radhostem","19":"pa_lokalita-obec-vsetin","20":"pa_nazev-textilie-gradl","21":"pa_popsano-na-casti-odevu-jiny-viz-popis","22":"pa_tkanina-zjistena-na-karta-se-vzorkem-tkaniny","23":"pa_typ-textilie-tkanina","24":"pa_typ-vazby-atlas","25":"pa_vlakna-osnovnich-niti-len","26":"pa_vlakna-utkovych-niti-len","27":"pa_vyrobce-textilie-neznamy","29":"entry","30":"has-media","32":"first","33":"instock","34":"shipping-taxable","35":"product-type-simple","36":"has-product-nav","37":"col","38":"span_1_of_5","39":"owp-content-center","40":"owp-thumbs-layout-vertical","41":"owp-btn-normal","42":"owp-tabs-layout-horizontal"},"_links":{"self":[{"href":"https:\/\/nulk.cz\/atlastextilu\/wp-json\/wp\/v2\/product\/377","targetHints":{"allow":["GET"]}}],"collection":[{"href":"https:\/\/nulk.cz\/atlastextilu\/wp-json\/wp\/v2\/product"}],"about":[{"href":"https:\/\/nulk.cz\/atlastextilu\/wp-json\/wp\/v2\/types\/product"}],"wp:featuredmedia":[{"embeddable":true,"href":"https:\/\/nulk.cz\/atlastextilu\/wp-json\/wp\/v2\/media\/378"}],"wp:attachment":[{"href":"https:\/\/nulk.cz\/atlastextilu\/wp-json\/wp\/v2\/media?parent=377"}],"wp:term":[{"taxonomy":"product_brand","embeddable":true,"href":"https:\/\/nulk.cz\/atlastextilu\/wp-json\/wp\/v2\/product_brand?post=377"},{"taxonomy":"product_cat","embeddable":true,"href":"https:\/\/nulk.cz\/atlastextilu\/wp-json\/wp\/v2\/product_cat?post=377"},{"taxonomy":"product_tag","embeddable":true,"href":"https:\/\/nulk.cz\/atlastextilu\/wp-json\/wp\/v2\/product_tag?post=377"}],"curies":[{"name":"wp","href":"https:\/\/api.w.org\/{rel}","templated":true}]}}