{"id":384,"date":"2022-06-01T07:17:41","date_gmt":"2022-06-01T05:17:41","guid":{"rendered":"https:\/\/nulk.cz\/atlastextilu\/?post_type=product&#038;p=384"},"modified":"2022-06-01T07:18:17","modified_gmt":"2022-06-01T05:18:17","slug":"harasova-tkanina-nulk-5425","status":"publish","type":"product","link":"https:\/\/nulk.cz\/atlastextilu\/vzorek\/harasova-tkanina-nulk-5425\/","title":{"rendered":"harasov\u00e1 tkanina N\u00daLK 5425"},"content":{"rendered":"","protected":false},"excerpt":{"rendered":"<p>Z\u00e1st\u011bra je u\u0161it\u00e1 z 5 pruh\u016f l\u00e1tky.<\/p>\n","protected":false},"featured_media":386,"template":"","meta":[],"product_brand":[],"product_cat":[208],"product_tag":[],"class_list":{"0":"post-384","1":"product","2":"type-product","3":"status-publish","4":"has-post-thumbnail","6":"product_cat-harasova-tkanina","7":"pa_barevnost-osnovnich-niti-cervena","8":"pa_barevnost-textilie-cervena","9":"pa_barevnost-utkovych-niti-cervena","10":"pa_datace-ramcova-1-pol-20-stol","11":"pa_dostava-na-1-cm2-22-23","12":"pa_evidencni-c-215","13":"pa_instituce-nulk-narodni-ustav-lidove-kultury-ve-straznici","14":"pa_konstrukce-osnovnich-niti-jednoducha-nit","15":"pa_konstrukce-utkovych-niti-jednoducha-nit","16":"pa_lokalita-dle-uziti-slovacko-dolnacko","17":"pa_lokalita-kraj-zlinsky","18":"pa_lokalita-obec-uherske-hradiste","19":"pa_lokalita-obec-ujezdec","20":"pa_nazev-textilie-harasova-tkanina","21":"pa_popsano-na-casti-odevu-zastera","22":"pa_tkanina-zjistena-na-zastera-zenska","23":"pa_typ-textilie-tkanina","24":"pa_typ-vazby-kepr","25":"pa_vlakna-osnovnich-niti-vlna-ovci","26":"pa_vlakna-utkovych-niti-vlna-ovci","27":"pa_vyrobce-textilie-neznamy","29":"entry","30":"has-media","32":"first","33":"instock","34":"shipping-taxable","35":"product-type-simple","36":"has-product-nav","37":"col","38":"span_1_of_5","39":"owp-content-center","40":"owp-thumbs-layout-vertical","41":"owp-btn-normal","42":"owp-tabs-layout-horizontal"},"_links":{"self":[{"href":"https:\/\/nulk.cz\/atlastextilu\/wp-json\/wp\/v2\/product\/384","targetHints":{"allow":["GET"]}}],"collection":[{"href":"https:\/\/nulk.cz\/atlastextilu\/wp-json\/wp\/v2\/product"}],"about":[{"href":"https:\/\/nulk.cz\/atlastextilu\/wp-json\/wp\/v2\/types\/product"}],"wp:featuredmedia":[{"embeddable":true,"href":"https:\/\/nulk.cz\/atlastextilu\/wp-json\/wp\/v2\/media\/386"}],"wp:attachment":[{"href":"https:\/\/nulk.cz\/atlastextilu\/wp-json\/wp\/v2\/media?parent=384"}],"wp:term":[{"taxonomy":"product_brand","embeddable":true,"href":"https:\/\/nulk.cz\/atlastextilu\/wp-json\/wp\/v2\/product_brand?post=384"},{"taxonomy":"product_cat","embeddable":true,"href":"https:\/\/nulk.cz\/atlastextilu\/wp-json\/wp\/v2\/product_cat?post=384"},{"taxonomy":"product_tag","embeddable":true,"href":"https:\/\/nulk.cz\/atlastextilu\/wp-json\/wp\/v2\/product_tag?post=384"}],"curies":[{"name":"wp","href":"https:\/\/api.w.org\/{rel}","templated":true}]}}