{"id":414,"date":"2022-06-01T08:32:16","date_gmt":"2022-06-01T06:32:16","guid":{"rendered":"https:\/\/nulk.cz\/atlastextilu\/?post_type=product&#038;p=414"},"modified":"2022-06-01T08:32:17","modified_gmt":"2022-06-01T06:32:17","slug":"kanafas-mzm-14-313","status":"publish","type":"product","link":"https:\/\/nulk.cz\/atlastextilu\/vzorek\/kanafas-mzm-14-313\/","title":{"rendered":"kanafas MZM 14 313"},"content":{"rendered":"","protected":false},"excerpt":{"rendered":"<p>Karta se vzorkem tkaniny &#8211; hrub\u0161\u00ed tkaniny s modr\u00fdmi a \u010derven\u00fdmi prou\u017eky<\/p>\n","protected":false},"featured_media":415,"template":"","meta":[],"product_brand":[],"product_cat":[221],"product_tag":[],"class_list":{"0":"post-414","1":"product","2":"type-product","3":"status-publish","4":"has-post-thumbnail","6":"product_cat-kanafas","7":"pa_barevnost-osnovnich-niti-bila","8":"pa_barevnost-osnovnich-niti-cerna","9":"pa_barevnost-osnovnich-niti-modra","10":"pa_barevnost-textilie-vicebarevna","11":"pa_barevnost-utkovych-niti-bila","12":"pa_barevnost-utkovych-niti-cerna","13":"pa_barevnost-utkovych-niti-modra","14":"pa_datace-ramcova-1-pol-20-stol","15":"pa_dostava-na-1-cm2-16-14","16":"pa_evidencni-c-14-313","17":"pa_instituce-mzm-moravske-zemske-muzeum-etnograficky-ustav","18":"pa_konstrukce-osnovnich-niti-jednoducha-nit","19":"pa_konstrukce-utkovych-niti-jednoducha-nit","20":"pa_lokalita-dle-uziti-horacko-a-podhoracko","21":"pa_lokalita-kraj-vysocina","22":"pa_lokalita-obec-jihlava","23":"pa_lokalita-obec-rohozna","24":"pa_nazev-textilie-kanafas","25":"pa_tkanina-zjistena-na-karta-se-vzorkem-tkaniny","26":"pa_typ-textilie-tkanina","27":"pa_typ-vazby-platnova","28":"pa_vlakna-osnovnich-niti-len","29":"pa_vlakna-utkovych-niti-len","30":"pa_vyrobce-textilie-neznamy","32":"entry","33":"has-media","35":"first","36":"instock","37":"shipping-taxable","38":"product-type-simple","39":"has-product-nav","40":"col","41":"span_1_of_5","42":"owp-content-center","43":"owp-thumbs-layout-vertical","44":"owp-btn-normal","45":"owp-tabs-layout-horizontal"},"_links":{"self":[{"href":"https:\/\/nulk.cz\/atlastextilu\/wp-json\/wp\/v2\/product\/414","targetHints":{"allow":["GET"]}}],"collection":[{"href":"https:\/\/nulk.cz\/atlastextilu\/wp-json\/wp\/v2\/product"}],"about":[{"href":"https:\/\/nulk.cz\/atlastextilu\/wp-json\/wp\/v2\/types\/product"}],"wp:featuredmedia":[{"embeddable":true,"href":"https:\/\/nulk.cz\/atlastextilu\/wp-json\/wp\/v2\/media\/415"}],"wp:attachment":[{"href":"https:\/\/nulk.cz\/atlastextilu\/wp-json\/wp\/v2\/media?parent=414"}],"wp:term":[{"taxonomy":"product_brand","embeddable":true,"href":"https:\/\/nulk.cz\/atlastextilu\/wp-json\/wp\/v2\/product_brand?post=414"},{"taxonomy":"product_cat","embeddable":true,"href":"https:\/\/nulk.cz\/atlastextilu\/wp-json\/wp\/v2\/product_cat?post=414"},{"taxonomy":"product_tag","embeddable":true,"href":"https:\/\/nulk.cz\/atlastextilu\/wp-json\/wp\/v2\/product_tag?post=414"}],"curies":[{"name":"wp","href":"https:\/\/api.w.org\/{rel}","templated":true}]}}

<p>Karta se vzorkem tkaniny &#8211; hrubší tkaniny s modrými a červenými proužky</p>
