{"id":429,"date":"2022-06-01T09:14:49","date_gmt":"2022-06-01T07:14:49","guid":{"rendered":"https:\/\/nulk.cz\/atlastextilu\/?post_type=product&#038;p=429"},"modified":"2022-06-01T09:14:49","modified_gmt":"2022-06-01T07:14:49","slug":"kanafas-uee-3_6","status":"publish","type":"product","link":"https:\/\/nulk.cz\/atlastextilu\/vzorek\/kanafas-uee-3_6\/","title":{"rendered":"kanafas \u00daEE 3_6"},"content":{"rendered":"","protected":false},"excerpt":{"rendered":"<p>Karta se vzorkem tkaniny &#8211; b\u00edlo-modro-\u010derven\u00fd bavln\u011bn\u00fd kanafas se pruhovan\u00fdm vzorem. \u010derven\u00e9 prou\u017eky tk\u00e1ny keprovou vazbou. Sb\u011br PhDr. Vlasta Svobodov\u00e1.<\/p>\n","protected":false},"featured_media":430,"template":"","meta":[],"product_brand":[],"product_cat":[221],"product_tag":[],"class_list":{"0":"post-429","1":"product","2":"type-product","3":"status-publish","4":"has-post-thumbnail","6":"product_cat-kanafas","7":"pa_barevnost-osnovnich-niti-bila","8":"pa_barevnost-osnovnich-niti-cervena","9":"pa_barevnost-osnovnich-niti-modra","10":"pa_barevnost-textilie-vicebarevna","11":"pa_barevnost-utkovych-niti-bila","12":"pa_barevnost-utkovych-niti-cervena","13":"pa_barevnost-utkovych-niti-modra","14":"pa_datace-ramcova-1-pol-20-stol","15":"pa_dostava-na-1-cm2-18-20","16":"pa_evidencni-c-3_6","17":"pa_instituce-uee-ustav-evropske-etnologie-ff-mu","18":"pa_konstrukce-osnovnich-niti-jednoducha-nit","19":"pa_konstrukce-utkovych-niti-jednoducha-nit","20":"pa_lokalita-dle-uziti-ceskomoravska-vysocina","21":"pa_lokalita-kraj-vysocina","22":"pa_lokalita-obec-blizkov","23":"pa_lokalita-obec-zdar-nad-sazavou","24":"pa_nazev-textilie-kanafas","25":"pa_popsano-na-casti-odevu-jiny-viz-popis","26":"pa_tkanina-zjistena-na-karta-se-vzorkem-tkaniny","27":"pa_typ-textilie-tkanina","28":"pa_typ-vazby-platnova","29":"pa_vlakna-osnovnich-niti-bavlna","30":"pa_vlakna-utkovych-niti-bavlna","31":"pa_vyrobce-textilie-neznamy","33":"entry","34":"has-media","36":"first","37":"instock","38":"shipping-taxable","39":"product-type-simple","40":"has-product-nav","41":"col","42":"span_1_of_5","43":"owp-content-center","44":"owp-thumbs-layout-vertical","45":"owp-btn-normal","46":"owp-tabs-layout-horizontal","47":"has-no-thumbnails"},"_links":{"self":[{"href":"https:\/\/nulk.cz\/atlastextilu\/wp-json\/wp\/v2\/product\/429","targetHints":{"allow":["GET"]}}],"collection":[{"href":"https:\/\/nulk.cz\/atlastextilu\/wp-json\/wp\/v2\/product"}],"about":[{"href":"https:\/\/nulk.cz\/atlastextilu\/wp-json\/wp\/v2\/types\/product"}],"wp:featuredmedia":[{"embeddable":true,"href":"https:\/\/nulk.cz\/atlastextilu\/wp-json\/wp\/v2\/media\/430"}],"wp:attachment":[{"href":"https:\/\/nulk.cz\/atlastextilu\/wp-json\/wp\/v2\/media?parent=429"}],"wp:term":[{"taxonomy":"product_brand","embeddable":true,"href":"https:\/\/nulk.cz\/atlastextilu\/wp-json\/wp\/v2\/product_brand?post=429"},{"taxonomy":"product_cat","embeddable":true,"href":"https:\/\/nulk.cz\/atlastextilu\/wp-json\/wp\/v2\/product_cat?post=429"},{"taxonomy":"product_tag","embeddable":true,"href":"https:\/\/nulk.cz\/atlastextilu\/wp-json\/wp\/v2\/product_tag?post=429"}],"curies":[{"name":"wp","href":"https:\/\/api.w.org\/{rel}","templated":true}]}}

kanafas ÚEE 3_6

<p>Karta se vzorkem tkaniny &#8211; bílo-modro-červený bavlněný kanafas se pruhovaným vzorem. červené proužky tkány keprovou vazbou. Sběr PhDr. Vlasta Svobodová.</p>
