{"id":461,"date":"2022-06-03T08:41:33","date_gmt":"2022-06-03T06:41:33","guid":{"rendered":"https:\/\/nulk.cz\/atlastextilu\/?post_type=product&#038;p=461"},"modified":"2022-06-03T08:41:33","modified_gmt":"2022-06-03T06:41:33","slug":"kasmir-nulk-7253","status":"publish","type":"product","link":"https:\/\/nulk.cz\/atlastextilu\/vzorek\/kasmir-nulk-7253\/","title":{"rendered":"ka\u0161m\u00edr N\u00daLK 7253"},"content":{"rendered":"","protected":false},"excerpt":{"rendered":"<p>Sukn\u011b je u\u0161it\u00e1 z osmi pruh\u016f l\u00e1tky, 6 pruh\u016f je ze z\u00e1kladn\u00edho materi\u00e1lu sukn\u011b (ka\u0161m\u00edrov\u00e1 l\u00e1tka &#8211; na \u010dern\u00e9 p\u016fd\u011b drobn\u00e9 \u010derven\u00e9 r\u016f\u017ei\u010dky se zelen\u00fdmi l\u00edstky), 2 pruhy, kter\u00e9 nebylo p\u0159i b\u011b\u017en\u00e9m no\u0161en\u00ed vid\u011bt, jsou u\u0161ity z vln\u011bn\u00e9ho materi\u00e1lu tkan\u00e9ho atlasovou vazbou, (na \u010dern\u00e9m podkladu jsou v\u011btvi\u010dky s bobulkami v r\u016fzn\u00fdch barv\u00e1ch).<\/p>\n","protected":false},"featured_media":462,"template":"","meta":[],"product_brand":[],"product_cat":[280],"product_tag":[],"class_list":{"0":"post-461","1":"product","2":"type-product","3":"status-publish","4":"has-post-thumbnail","6":"product_cat-kasmir","7":"pa_barevnost-osnovnich-niti-cerna","8":"pa_barevnost-osnovnich-niti-cervena","9":"pa_barevnost-osnovnich-niti-zelena","10":"pa_barevnost-textilie-vicebarevna","11":"pa_barevnost-utkovych-niti-cerna","12":"pa_barevnost-utkovych-niti-cervena","13":"pa_barevnost-utkovych-niti-zelena","14":"pa_datace-ramcova-1-pol-20-stol","15":"pa_dostava-na-1-cm2-35-20","16":"pa_evidencni-c-286","17":"pa_instituce-nulk-narodni-ustav-lidove-kultury-ve-straznici","18":"pa_konstrukce-osnovnich-niti-jednoducha-nit","19":"pa_konstrukce-utkovych-niti-jednoducha-nit","20":"pa_lokalita-dle-uziti-slovacko-dolnacko","21":"pa_lokalita-kraj-jihomoravsky","22":"pa_lokalita-obec-hodonin","23":"pa_lokalita-obec-rohatec","24":"pa_nazev-textilie-kasmir","25":"pa_popsano-na-casti-odevu-sukne","26":"pa_tkanina-zjistena-na-sukne-vrchni","27":"pa_typ-textilie-tkanina","28":"pa_typ-vazby-kepr","29":"pa_vlakna-osnovnich-niti-nezjisteno","30":"pa_vlakna-utkovych-niti-nezjisteno","31":"pa_vyrobce-textilie-neznamy","33":"entry","34":"has-media","36":"first","37":"instock","38":"shipping-taxable","39":"product-type-simple","40":"has-product-nav","41":"col","42":"span_1_of_5","43":"owp-content-center","44":"owp-thumbs-layout-vertical","45":"owp-btn-normal","46":"owp-tabs-layout-horizontal"},"_links":{"self":[{"href":"https:\/\/nulk.cz\/atlastextilu\/wp-json\/wp\/v2\/product\/461","targetHints":{"allow":["GET"]}}],"collection":[{"href":"https:\/\/nulk.cz\/atlastextilu\/wp-json\/wp\/v2\/product"}],"about":[{"href":"https:\/\/nulk.cz\/atlastextilu\/wp-json\/wp\/v2\/types\/product"}],"wp:featuredmedia":[{"embeddable":true,"href":"https:\/\/nulk.cz\/atlastextilu\/wp-json\/wp\/v2\/media\/462"}],"wp:attachment":[{"href":"https:\/\/nulk.cz\/atlastextilu\/wp-json\/wp\/v2\/media?parent=461"}],"wp:term":[{"taxonomy":"product_brand","embeddable":true,"href":"https:\/\/nulk.cz\/atlastextilu\/wp-json\/wp\/v2\/product_brand?post=461"},{"taxonomy":"product_cat","embeddable":true,"href":"https:\/\/nulk.cz\/atlastextilu\/wp-json\/wp\/v2\/product_cat?post=461"},{"taxonomy":"product_tag","embeddable":true,"href":"https:\/\/nulk.cz\/atlastextilu\/wp-json\/wp\/v2\/product_tag?post=461"}],"curies":[{"name":"wp","href":"https:\/\/api.w.org\/{rel}","templated":true}]}}

kašmír NÚLK 7253

<p>Sukně je ušitá z osmi pruhů látky, 6 pruhů je ze základního materiálu sukně (kašmírová látka &#8211; na černé půdě drobné červené růžičky se zelenými lístky), 2 pruhy, které nebylo při běžném nošení vidět, jsou ušity z vlněného materiálu tkaného atlasovou vazbou, (na černém podkladu jsou větvičky s bobulkami v různých barvách).</p>
