{"id":561,"date":"2023-01-09T08:25:59","date_gmt":"2023-01-09T07:25:59","guid":{"rendered":"https:\/\/nulk.cz\/atlastextilu\/?post_type=product&#038;p=561"},"modified":"2023-01-09T08:25:59","modified_gmt":"2023-01-09T07:25:59","slug":"mezulan-uee-4_10","status":"publish","type":"product","link":"https:\/\/nulk.cz\/atlastextilu\/vzorek\/mezulan-uee-4_10\/","title":{"rendered":"mezul\u00e1n \u00daEE 4_10"},"content":{"rendered":"","protected":false},"excerpt":{"rendered":"<p>Karta s uk\u00e1zkou textilie &#8211; mezul\u00e1n fialovo\/b\u00edl\u00fd. Tkanina poch\u00e1z\u00ed z obce Kukl\u00edk. Sb\u011br PhDr. Vlasta Svobodov\u00e1.<a href=\"https:\/\/nulk.cz\/atlastextilu\/wp-content\/uploads\/2023\/01\/karticky_UEE_4_10_orez.jpg\"><img loading=\"lazy\" decoding=\"async\" class=\"alignnone size-medium wp-image-562\" src=\"https:\/\/nulk.cz\/atlastextilu\/wp-content\/uploads\/2023\/01\/karticky_UEE_4_10_orez-162x300.jpg\" alt=\"\" width=\"162\" height=\"300\" srcset=\"https:\/\/nulk.cz\/atlastextilu\/wp-content\/uploads\/2023\/01\/karticky_UEE_4_10_orez-162x300.jpg 162w, https:\/\/nulk.cz\/atlastextilu\/wp-content\/uploads\/2023\/01\/karticky_UEE_4_10_orez-554x1024.jpg 554w, https:\/\/nulk.cz\/atlastextilu\/wp-content\/uploads\/2023\/01\/karticky_UEE_4_10_orez-768x1419.jpg 768w, https:\/\/nulk.cz\/atlastextilu\/wp-content\/uploads\/2023\/01\/karticky_UEE_4_10_orez-832x1536.jpg 832w, https:\/\/nulk.cz\/atlastextilu\/wp-content\/uploads\/2023\/01\/karticky_UEE_4_10_orez-600x1108.jpg 600w, https:\/\/nulk.cz\/atlastextilu\/wp-content\/uploads\/2023\/01\/karticky_UEE_4_10_orez.jpg 1093w\" sizes=\"auto, (max-width: 162px) 100vw, 162px\" \/><\/a><\/p>\n","protected":false},"featured_media":0,"template":"","meta":[],"product_brand":[],"product_cat":[341],"product_tag":[],"class_list":{"0":"post-561","1":"product","2":"type-product","3":"status-publish","5":"product_cat-mezulan","6":"pa_barevnost-osnovnich-niti-bila","7":"pa_barevnost-textilie-fialova","8":"pa_barevnost-utkovych-niti-fialova","9":"pa_datace-ramcova-1-pol-20-stol","10":"pa_dostava-na-1-cm2-18-16","11":"pa_evidencni-c-4_10","12":"pa_instituce-uee-ustav-evropske-etnologie-ff-mu","13":"pa_konstrukce-osnovnich-niti-jednoducha-nit","14":"pa_konstrukce-utkovych-niti-jednoducha-nit","15":"pa_lokalita-dle-uziti-ceskomoravska-vysocina","16":"pa_lokalita-kraj-vysocina","17":"pa_lokalita-obec-kuklik","18":"pa_lokalita-obec-zdar-nad-sazavou","19":"pa_nazev-textilie-mezulan","20":"pa_popsano-na-casti-odevu-jiny-viz-popis","21":"pa_tkanina-zjistena-na-karta-se-vzorkem-tkaniny","22":"pa_typ-textilie-tkanina","23":"pa_vlakna-osnovnich-niti-bavlna","24":"pa_vlakna-utkovych-niti-vlna-ovci","25":"pa_vyrobce-textilie-neznamy","27":"entry","29":"first","30":"instock","31":"shipping-taxable","32":"product-type-simple","33":"has-product-nav","34":"col","35":"span_1_of_5","36":"owp-content-center","37":"owp-thumbs-layout-vertical","38":"owp-btn-normal","39":"owp-tabs-layout-horizontal"},"_links":{"self":[{"href":"https:\/\/nulk.cz\/atlastextilu\/wp-json\/wp\/v2\/product\/561","targetHints":{"allow":["GET"]}}],"collection":[{"href":"https:\/\/nulk.cz\/atlastextilu\/wp-json\/wp\/v2\/product"}],"about":[{"href":"https:\/\/nulk.cz\/atlastextilu\/wp-json\/wp\/v2\/types\/product"}],"wp:attachment":[{"href":"https:\/\/nulk.cz\/atlastextilu\/wp-json\/wp\/v2\/media?parent=561"}],"wp:term":[{"taxonomy":"product_brand","embeddable":true,"href":"https:\/\/nulk.cz\/atlastextilu\/wp-json\/wp\/v2\/product_brand?post=561"},{"taxonomy":"product_cat","embeddable":true,"href":"https:\/\/nulk.cz\/atlastextilu\/wp-json\/wp\/v2\/product_cat?post=561"},{"taxonomy":"product_tag","embeddable":true,"href":"https:\/\/nulk.cz\/atlastextilu\/wp-json\/wp\/v2\/product_tag?post=561"}],"curies":[{"name":"wp","href":"https:\/\/api.w.org\/{rel}","templated":true}]}}

mezulán ÚEE 4_10

<p>Karta s ukázkou textilie &#8211; mezulán fialovo/bílý. Tkanina pochází z obce Kuklík. Sběr PhDr. Vlasta Svobodová.<a href="https://nulk.cz/atlastextilu/wp-content/uploads/2023/01/karticky_UEE_4_10_orez.jpg"><img loading="lazy" decoding="async" class="alignnone size-medium wp-image-562" src="https://nulk.cz/atlastextilu/wp-content/uploads/2023/01/karticky_UEE_4_10_orez-162x300.jpg" alt="" width="162" height="300" srcset="https://nulk.cz/atlastextilu/wp-content/uploads/2023/01/karticky_UEE_4_10_orez-162x300.jpg 162w, https://nulk.cz/atlastextilu/wp-content/uploads/2023/01/karticky_UEE_4_10_orez-554x1024.jpg 554w, https://nulk.cz/atlastextilu/wp-content/uploads/2023/01/karticky_UEE_4_10_orez-768x1419.jpg 768w, https://nulk.cz/atlastextilu/wp-content/uploads/2023/01/karticky_UEE_4_10_orez-832x1536.jpg 832w, https://nulk.cz/atlastextilu/wp-content/uploads/2023/01/karticky_UEE_4_10_orez-600x1108.jpg 600w, https://nulk.cz/atlastextilu/wp-content/uploads/2023/01/karticky_UEE_4_10_orez.jpg 1093w" sizes="auto, (max-width: 162px) 100vw, 162px" /></a></p>
