{"id":574,"date":"2023-01-09T09:24:33","date_gmt":"2023-01-09T08:24:33","guid":{"rendered":"https:\/\/nulk.cz\/atlastextilu\/?post_type=product&#038;p=574"},"modified":"2023-01-09T09:24:33","modified_gmt":"2023-01-09T08:24:33","slug":"muselin-nulk-7256","status":"publish","type":"product","link":"https:\/\/nulk.cz\/atlastextilu\/vzorek\/muselin-nulk-7256\/","title":{"rendered":"mu\u0161el\u00edn N\u00daLK 7256"},"content":{"rendered":"","protected":false},"excerpt":{"rendered":"<p>Sukn\u011b je u\u0161it\u00e1 z \u0161esti pruh\u016f l\u00e1tky. Mu\u0161el\u00edn s rypsov\u00fdm prou\u017ekem &#8211; b\u00edl\u00e9 barvy, poti\u0161t\u011bn\u00fd \u010derven\u00fdmi listy a b\u00edl\u00fdmi kv\u00edtky.<\/p>\n","protected":false},"featured_media":575,"template":"","meta":[],"product_brand":[],"product_cat":[375],"product_tag":[],"class_list":{"0":"post-574","1":"product","2":"type-product","3":"status-publish","4":"has-post-thumbnail","6":"product_cat-muselin","7":"pa_barevnost-osnovnich-niti-bila","8":"pa_barevnost-osnovnich-niti-cervena","9":"pa_barevnost-osnovnich-niti-ruzova","10":"pa_barevnost-textilie-vicebarevna","11":"pa_barevnost-utkovych-niti-bila","12":"pa_barevnost-utkovych-niti-cervena","13":"pa_barevnost-utkovych-niti-ruzova","14":"pa_datace-ramcova-1-pol-20-stol","15":"pa_dostava-na-1-cm2-33-22","16":"pa_evidencni-c-377","17":"pa_instituce-nulk-narodni-ustav-lidove-kultury-ve-straznici","18":"pa_konstrukce-osnovnich-niti-jednoducha-nit","19":"pa_konstrukce-utkovych-niti-jednoducha-nit","20":"pa_lokalita-dle-uziti-slovacko-dolnacko","21":"pa_lokalita-kraj-jihomoravsky","22":"pa_lokalita-obec-hodonin","23":"pa_lokalita-obec-rohatec","24":"pa_nazev-textilie-muselin","25":"pa_popsano-na-casti-odevu-sukne","26":"pa_tkanina-zjistena-na-sukne-vrchni","27":"pa_typ-textilie-tkanina","28":"pa_typ-vazby-platnova","29":"pa_vlakna-osnovnich-niti-bavlna","30":"pa_vlakna-utkovych-niti-bavlna","31":"pa_vyrobce-textilie-neznamy","33":"entry","34":"has-media","36":"first","37":"instock","38":"shipping-taxable","39":"product-type-simple","40":"has-product-nav","41":"col","42":"span_1_of_5","43":"owp-content-center","44":"owp-thumbs-layout-vertical","45":"owp-btn-normal","46":"owp-tabs-layout-horizontal"},"_links":{"self":[{"href":"https:\/\/nulk.cz\/atlastextilu\/wp-json\/wp\/v2\/product\/574","targetHints":{"allow":["GET"]}}],"collection":[{"href":"https:\/\/nulk.cz\/atlastextilu\/wp-json\/wp\/v2\/product"}],"about":[{"href":"https:\/\/nulk.cz\/atlastextilu\/wp-json\/wp\/v2\/types\/product"}],"wp:featuredmedia":[{"embeddable":true,"href":"https:\/\/nulk.cz\/atlastextilu\/wp-json\/wp\/v2\/media\/575"}],"wp:attachment":[{"href":"https:\/\/nulk.cz\/atlastextilu\/wp-json\/wp\/v2\/media?parent=574"}],"wp:term":[{"taxonomy":"product_brand","embeddable":true,"href":"https:\/\/nulk.cz\/atlastextilu\/wp-json\/wp\/v2\/product_brand?post=574"},{"taxonomy":"product_cat","embeddable":true,"href":"https:\/\/nulk.cz\/atlastextilu\/wp-json\/wp\/v2\/product_cat?post=574"},{"taxonomy":"product_tag","embeddable":true,"href":"https:\/\/nulk.cz\/atlastextilu\/wp-json\/wp\/v2\/product_tag?post=574"}],"curies":[{"name":"wp","href":"https:\/\/api.w.org\/{rel}","templated":true}]}}