{"id":638,"date":"2023-01-11T13:00:01","date_gmt":"2023-01-11T12:00:01","guid":{"rendered":"https:\/\/nulk.cz\/atlastextilu\/?post_type=product&#038;p=638"},"modified":"2023-01-11T13:00:01","modified_gmt":"2023-01-11T12:00:01","slug":"plys-nulk-12296","status":"publish","type":"product","link":"https:\/\/nulk.cz\/atlastextilu\/vzorek\/plys-nulk-12296\/","title":{"rendered":"ply\u0161 N\u00daLK 12296"},"content":{"rendered":"","protected":false},"excerpt":{"rendered":"<p>&#8222;Kordula&#8220; je zhotovena ze 3 d\u00edl\u016f zelen\u00e9ho ply\u0161e. Kolem v\u00fdst\u0159ihu a p\u0159edn\u00edch d\u00edl\u016f je na\u0161ita b\u00edl\u00e1 stuha s v\u00fd\u0161ivkou podle p\u0159edkreslen\u00ed (r\u016f\u017ee). Vedle stuhy je um\u00edst\u011bna st\u0159\u00edb\u0159it\u00e1 pali\u010dkovan\u00e1 krajka.<\/p>\n","protected":false},"featured_media":639,"template":"","meta":[],"product_brand":[],"product_cat":[426],"product_tag":[],"class_list":{"0":"post-638","1":"product","2":"type-product","3":"status-publish","4":"has-post-thumbnail","6":"product_cat-plys","7":"pa_barevnost-osnovnich-niti-zelena","8":"pa_barevnost-utkovych-niti-zelena","9":"pa_datace-ramcova-1-pol-20-stol","10":"pa_dostava-na-1-cm2-0-0","11":"pa_evidencni-c-429","12":"pa_instituce-nulk-narodni-ustav-lidove-kultury-ve-straznici","13":"pa_konstrukce-osnovnich-niti-jednoducha-nit","14":"pa_konstrukce-utkovych-niti-jednoducha-nit","15":"pa_lokalita-dle-uziti-slovacko-dolnacko","16":"pa_lokalita-kraj-jihomoravsky","17":"pa_lokalita-obec-hodonin","18":"pa_lokalita-obec-vnorovy","19":"pa_nazev-textilie-plys","20":"pa_popsano-na-casti-odevu-jiny-viz-popis","21":"pa_tkanina-zjistena-na-kordulka","22":"pa_typ-textilie-tkanina","23":"pa_typ-vazby-vice-soustav","24":"pa_vlakna-osnovnich-niti-nezjisteno","25":"pa_vlakna-utkovych-niti-nezjisteno","26":"pa_vyrobce-textilie-neznamy","28":"entry","29":"has-media","31":"first","32":"instock","33":"shipping-taxable","34":"product-type-simple","35":"has-product-nav","36":"col","37":"span_1_of_5","38":"owp-content-center","39":"owp-thumbs-layout-vertical","40":"owp-btn-normal","41":"owp-tabs-layout-horizontal"},"_links":{"self":[{"href":"https:\/\/nulk.cz\/atlastextilu\/wp-json\/wp\/v2\/product\/638","targetHints":{"allow":["GET"]}}],"collection":[{"href":"https:\/\/nulk.cz\/atlastextilu\/wp-json\/wp\/v2\/product"}],"about":[{"href":"https:\/\/nulk.cz\/atlastextilu\/wp-json\/wp\/v2\/types\/product"}],"wp:featuredmedia":[{"embeddable":true,"href":"https:\/\/nulk.cz\/atlastextilu\/wp-json\/wp\/v2\/media\/639"}],"wp:attachment":[{"href":"https:\/\/nulk.cz\/atlastextilu\/wp-json\/wp\/v2\/media?parent=638"}],"wp:term":[{"taxonomy":"product_brand","embeddable":true,"href":"https:\/\/nulk.cz\/atlastextilu\/wp-json\/wp\/v2\/product_brand?post=638"},{"taxonomy":"product_cat","embeddable":true,"href":"https:\/\/nulk.cz\/atlastextilu\/wp-json\/wp\/v2\/product_cat?post=638"},{"taxonomy":"product_tag","embeddable":true,"href":"https:\/\/nulk.cz\/atlastextilu\/wp-json\/wp\/v2\/product_tag?post=638"}],"curies":[{"name":"wp","href":"https:\/\/api.w.org\/{rel}","templated":true}]}}