{"id":678,"date":"2023-01-12T09:55:27","date_gmt":"2023-01-12T08:55:27","guid":{"rendered":"https:\/\/nulk.cz\/atlastextilu\/?post_type=product&#038;p=678"},"modified":"2023-01-12T09:55:27","modified_gmt":"2023-01-12T08:55:27","slug":"samet-nulk-3630","status":"publish","type":"product","link":"https:\/\/nulk.cz\/atlastextilu\/vzorek\/samet-nulk-3630\/","title":{"rendered":"samet N\u00daLK 3630"},"content":{"rendered":"","protected":false},"excerpt":{"rendered":"<p>&#8222;Kordulka&#8220; u\u0161it\u00e1 z r\u016f\u017eov\u00e9ho sametu ze \u010dty\u0159 d\u00edl\u016f. V\u00fdst\u0159ih p\u0159edn\u00ed i zadn\u00ed ozdoben skl\u00e1danou \u010dervenou pentl\u00ed.<\/p>\n","protected":false},"featured_media":679,"template":"","meta":[],"product_brand":[],"product_cat":[444],"product_tag":[],"class_list":{"0":"post-678","1":"product","2":"type-product","3":"status-publish","4":"has-post-thumbnail","6":"product_cat-samet","7":"pa_barevnost-osnovnich-niti-ruzova","8":"pa_barevnost-textilie-ruzova","9":"pa_barevnost-utkovych-niti-ruzova","10":"pa_datace-ramcova-1-pol-20-stol","11":"pa_dostava-na-1-cm2-0-0","12":"pa_evidencni-c-453","13":"pa_instituce-nulk-narodni-ustav-lidove-kultury-ve-straznici","14":"pa_konstrukce-osnovnich-niti-jednoducha-nit","15":"pa_konstrukce-utkovych-niti-jednoducha-nit","16":"pa_lokalita-dle-uziti-slovacko-dolnacko","17":"pa_lokalita-kraj-jihomoravsky","18":"pa_lokalita-obec-hodonin","19":"pa_lokalita-obec-straznice","20":"pa_nazev-textilie-samet","21":"pa_popsano-na-casti-odevu-jiny-viz-popis","22":"pa_tkanina-zjistena-na-zenska-kordula","23":"pa_typ-textilie-tkanina","24":"pa_typ-vazby-vice-soustav-tkanina-vlasova-samet","25":"pa_vlakna-osnovnich-niti-nezjisteno","26":"pa_vlakna-utkovych-niti-nezjisteno","27":"pa_vyrobce-textilie-neznamy","29":"entry","30":"has-media","32":"first","33":"instock","34":"shipping-taxable","35":"product-type-simple","36":"has-product-nav","37":"col","38":"span_1_of_5","39":"owp-content-center","40":"owp-thumbs-layout-vertical","41":"owp-btn-normal","42":"owp-tabs-layout-horizontal"},"_links":{"self":[{"href":"https:\/\/nulk.cz\/atlastextilu\/wp-json\/wp\/v2\/product\/678","targetHints":{"allow":["GET"]}}],"collection":[{"href":"https:\/\/nulk.cz\/atlastextilu\/wp-json\/wp\/v2\/product"}],"about":[{"href":"https:\/\/nulk.cz\/atlastextilu\/wp-json\/wp\/v2\/types\/product"}],"wp:featuredmedia":[{"embeddable":true,"href":"https:\/\/nulk.cz\/atlastextilu\/wp-json\/wp\/v2\/media\/679"}],"wp:attachment":[{"href":"https:\/\/nulk.cz\/atlastextilu\/wp-json\/wp\/v2\/media?parent=678"}],"wp:term":[{"taxonomy":"product_brand","embeddable":true,"href":"https:\/\/nulk.cz\/atlastextilu\/wp-json\/wp\/v2\/product_brand?post=678"},{"taxonomy":"product_cat","embeddable":true,"href":"https:\/\/nulk.cz\/atlastextilu\/wp-json\/wp\/v2\/product_cat?post=678"},{"taxonomy":"product_tag","embeddable":true,"href":"https:\/\/nulk.cz\/atlastextilu\/wp-json\/wp\/v2\/product_tag?post=678"}],"curies":[{"name":"wp","href":"https:\/\/api.w.org\/{rel}","templated":true}]}}