{"id":693,"date":"2023-01-12T10:04:50","date_gmt":"2023-01-12T09:04:50","guid":{"rendered":"https:\/\/nulk.cz\/atlastextilu\/?post_type=product&#038;p=693"},"modified":"2023-01-12T10:04:50","modified_gmt":"2023-01-12T09:04:50","slug":"saten-nulk-4793","status":"publish","type":"product","link":"https:\/\/nulk.cz\/atlastextilu\/vzorek\/saten-nulk-4793\/","title":{"rendered":"sat\u00e9n N\u00daLK 4793"},"content":{"rendered":"","protected":false},"excerpt":{"rendered":"<p>&#8222;Kordula&#8220; z \u010dern\u00e9ho hedv\u00e1bn\u00e9ho sat\u00e9nu se strojov\u011b vy\u0161\u00edvan\u00fdm drobn\u00fdm rostlinn\u00fdm motivem (\u010derven\u00e9 r\u016f\u017ei\u010dky), u\u0161ito ze 4 d\u00edl\u016f (2 kl\u00ednovit\u00e9 d\u00edly tvo\u0159\u00ed st\u0159ed zad a 2 d\u00edly p\u0159edn\u00ed d\u00edly a boky zad).<\/p>\n","protected":false},"featured_media":694,"template":"","meta":[],"product_brand":[],"product_cat":[459],"product_tag":[],"class_list":{"0":"post-693","1":"product","2":"type-product","3":"status-publish","4":"has-post-thumbnail","6":"product_cat-saten","7":"pa_barevnost-osnovnich-niti-cerna","8":"pa_barevnost-textilie-cerna","9":"pa_barevnost-utkovych-niti-cerna","10":"pa_datace-ramcova-1-pol-20-stol","11":"pa_dostava-na-1-cm2-0-0","12":"pa_evidencni-c-460","13":"pa_instituce-nulk-narodni-ustav-lidove-kultury-ve-straznici","14":"pa_konstrukce-osnovnich-niti-jednoducha-nit","15":"pa_konstrukce-utkovych-niti-jednoducha-nit","16":"pa_lokalita-dle-uziti-slovacko-dolnacko","17":"pa_lokalita-kraj-jihomoravsky","18":"pa_lokalita-obec-hodonin","19":"pa_lokalita-obec-rohatec","20":"pa_nazev-textilie-saten","21":"pa_popsano-na-casti-odevu-jiny-viz-popis","22":"pa_tkanina-zjistena-na-kordulka","23":"pa_typ-textilie-tkanina","24":"pa_typ-vazby-neznama","25":"pa_vlakna-osnovnich-niti-nezjisteno","26":"pa_vlakna-utkovych-niti-nezjisteno","27":"pa_vyrobce-textilie-neznamy","29":"entry","30":"has-media","32":"first","33":"instock","34":"shipping-taxable","35":"product-type-simple","36":"has-product-nav","37":"col","38":"span_1_of_5","39":"owp-content-center","40":"owp-thumbs-layout-vertical","41":"owp-btn-normal","42":"owp-tabs-layout-horizontal"},"_links":{"self":[{"href":"https:\/\/nulk.cz\/atlastextilu\/wp-json\/wp\/v2\/product\/693","targetHints":{"allow":["GET"]}}],"collection":[{"href":"https:\/\/nulk.cz\/atlastextilu\/wp-json\/wp\/v2\/product"}],"about":[{"href":"https:\/\/nulk.cz\/atlastextilu\/wp-json\/wp\/v2\/types\/product"}],"wp:featuredmedia":[{"embeddable":true,"href":"https:\/\/nulk.cz\/atlastextilu\/wp-json\/wp\/v2\/media\/694"}],"wp:attachment":[{"href":"https:\/\/nulk.cz\/atlastextilu\/wp-json\/wp\/v2\/media?parent=693"}],"wp:term":[{"taxonomy":"product_brand","embeddable":true,"href":"https:\/\/nulk.cz\/atlastextilu\/wp-json\/wp\/v2\/product_brand?post=693"},{"taxonomy":"product_cat","embeddable":true,"href":"https:\/\/nulk.cz\/atlastextilu\/wp-json\/wp\/v2\/product_cat?post=693"},{"taxonomy":"product_tag","embeddable":true,"href":"https:\/\/nulk.cz\/atlastextilu\/wp-json\/wp\/v2\/product_tag?post=693"}],"curies":[{"name":"wp","href":"https:\/\/api.w.org\/{rel}","templated":true}]}}