{"id":698,"date":"2023-01-12T10:08:15","date_gmt":"2023-01-12T09:08:15","guid":{"rendered":"https:\/\/nulk.cz\/atlastextilu\/?post_type=product&#038;p=698"},"modified":"2023-01-12T10:08:15","modified_gmt":"2023-01-12T09:08:15","slug":"saten-nulk-2961","status":"publish","type":"product","link":"https:\/\/nulk.cz\/atlastextilu\/vzorek\/saten-nulk-2961\/","title":{"rendered":"sat\u00e9n N\u00daLK 2961"},"content":{"rendered":"","protected":false},"excerpt":{"rendered":"<p>&#8222;Kordula&#8220; je u\u0161ita ze t\u0159\u00ed d\u00edl\u016f, mezi p\u0159edn\u00ed d\u00edly a zadn\u00ed d\u00edl jsou vlo\u017eeny \u0161\u016fsky. Jako materi\u00e1l je pou\u017eit hedv\u00e1bn\u00fd sat\u00e9n se vzorem r\u016f\u017e\u00ed a kv\u011bt\u016f (podkladov\u00e1 barva je zelen\u00e1). Kolem krku a na p\u0159edn\u00ed \u010d\u00e1sti je na\u0161it\u00e1 \u0161irok\u00e1 pruhovan\u00e1 stuha.<\/p>\n","protected":false},"featured_media":699,"template":"","meta":[],"product_brand":[],"product_cat":[459],"product_tag":[],"class_list":{"0":"post-698","1":"product","2":"type-product","3":"status-publish","4":"has-post-thumbnail","6":"product_cat-saten","7":"pa_barevnost-osnovnich-niti-bila","8":"pa_barevnost-osnovnich-niti-cerna","9":"pa_barevnost-osnovnich-niti-cervena","10":"pa_barevnost-osnovnich-niti-zelena","11":"pa_barevnost-textilie-vicebarevna","12":"pa_barevnost-utkovych-niti-zluta","13":"pa_datace-ramcova-1-pol-20-stol","14":"pa_dostava-na-1-cm2-0-0","15":"pa_evidencni-c-461","16":"pa_instituce-nulk-narodni-ustav-lidove-kultury-ve-straznici","17":"pa_konstrukce-osnovnich-niti-jednoducha-nit","18":"pa_konstrukce-utkovych-niti-jednoducha-nit","19":"pa_lokalita-dle-uziti-slovacko-dolnacko","20":"pa_lokalita-kraj-jihomoravsky","21":"pa_lokalita-obec-hodonin","22":"pa_lokalita-obec-vnorovy","23":"pa_nazev-textilie-saten","24":"pa_popsano-na-casti-odevu-jiny-viz-popis","25":"pa_tkanina-zjistena-na-kordulka","26":"pa_typ-textilie-tkanina","27":"pa_typ-vazby-nezadano","28":"pa_vlakna-osnovnich-niti-hedvabi","29":"pa_vlakna-utkovych-niti-bavlna","30":"pa_vyrobce-textilie-neznamy","32":"entry","33":"has-media","35":"first","36":"instock","37":"shipping-taxable","38":"product-type-simple","39":"has-product-nav","40":"col","41":"span_1_of_5","42":"owp-content-center","43":"owp-thumbs-layout-vertical","44":"owp-btn-normal","45":"owp-tabs-layout-horizontal"},"_links":{"self":[{"href":"https:\/\/nulk.cz\/atlastextilu\/wp-json\/wp\/v2\/product\/698","targetHints":{"allow":["GET"]}}],"collection":[{"href":"https:\/\/nulk.cz\/atlastextilu\/wp-json\/wp\/v2\/product"}],"about":[{"href":"https:\/\/nulk.cz\/atlastextilu\/wp-json\/wp\/v2\/types\/product"}],"wp:featuredmedia":[{"embeddable":true,"href":"https:\/\/nulk.cz\/atlastextilu\/wp-json\/wp\/v2\/media\/699"}],"wp:attachment":[{"href":"https:\/\/nulk.cz\/atlastextilu\/wp-json\/wp\/v2\/media?parent=698"}],"wp:term":[{"taxonomy":"product_brand","embeddable":true,"href":"https:\/\/nulk.cz\/atlastextilu\/wp-json\/wp\/v2\/product_brand?post=698"},{"taxonomy":"product_cat","embeddable":true,"href":"https:\/\/nulk.cz\/atlastextilu\/wp-json\/wp\/v2\/product_cat?post=698"},{"taxonomy":"product_tag","embeddable":true,"href":"https:\/\/nulk.cz\/atlastextilu\/wp-json\/wp\/v2\/product_tag?post=698"}],"curies":[{"name":"wp","href":"https:\/\/api.w.org\/{rel}","templated":true}]}}

satén NÚLK 2961

<p>&#8222;Kordula&#8220; je ušita ze tří dílů, mezi přední díly a zadní díl jsou vloženy šůsky. Jako materiál je použit hedvábný satén se vzorem růží a květů (podkladová barva je zelená). Kolem krku a na přední části je našitá široká pruhovaná stuha.</p>
