{"id":708,"date":"2023-01-12T10:16:22","date_gmt":"2023-01-12T09:16:22","guid":{"rendered":"https:\/\/nulk.cz\/atlastextilu\/?post_type=product&#038;p=708"},"modified":"2023-01-12T10:16:23","modified_gmt":"2023-01-12T09:16:23","slug":"saten-nulk-9496","status":"publish","type":"product","link":"https:\/\/nulk.cz\/atlastextilu\/vzorek\/saten-nulk-9496\/","title":{"rendered":"sat\u00e9n N\u00daLK 9496"},"content":{"rendered":"","protected":false},"excerpt":{"rendered":"<p>&#8222;Kordulka&#8220; u\u0161it\u00e1 ze \u010dty\u0159 d\u00edl\u016f. Jako materi\u00e1l je pou\u017eit modr\u00fd hedv\u00e1bn\u00fd sat\u00e9n s b\u00edl\u00fdmi vetkan\u00fdmi rostlinn\u00fdmi motivy.<\/p>\n","protected":false},"featured_media":709,"template":"","meta":[],"product_brand":[],"product_cat":[459],"product_tag":[],"class_list":{"0":"post-708","1":"product","2":"type-product","3":"status-publish","4":"has-post-thumbnail","6":"product_cat-saten","7":"pa_barevnost-osnovnich-niti-modra","8":"pa_barevnost-textilie-vicebarevna","9":"pa_barevnost-utkovych-niti-bila","10":"pa_barevnost-utkovych-niti-modra","11":"pa_datace-ramcova-1-pol-20-stol","12":"pa_dostava-na-1-cm2-0-0","13":"pa_evidencni-c-463","14":"pa_instituce-nulk-narodni-ustav-lidove-kultury-ve-straznici","15":"pa_konstrukce-osnovnich-niti-jednoducha-nit","16":"pa_konstrukce-utkovych-niti-jednoducha-nit","17":"pa_lokalita-dle-uziti-slovacko-dolnacko","18":"pa_lokalita-kraj-jihomoravsky","19":"pa_lokalita-obec-hodonin","20":"pa_lokalita-obec-straznice","21":"pa_nazev-textilie-saten","22":"pa_popsano-na-casti-odevu-jiny-viz-popis","23":"pa_tkanina-zjistena-na-zenska-kordula","24":"pa_typ-textilie-tkanina","25":"pa_typ-vazby-nezadano","26":"pa_vlakna-osnovnich-niti-nezjisteno","27":"pa_vlakna-utkovych-niti-nezjisteno","28":"pa_vyrobce-textilie-neznamy","30":"entry","31":"has-media","33":"first","34":"instock","35":"shipping-taxable","36":"product-type-simple","37":"has-product-nav","38":"col","39":"span_1_of_5","40":"owp-content-center","41":"owp-thumbs-layout-vertical","42":"owp-btn-normal","43":"owp-tabs-layout-horizontal"},"_links":{"self":[{"href":"https:\/\/nulk.cz\/atlastextilu\/wp-json\/wp\/v2\/product\/708","targetHints":{"allow":["GET"]}}],"collection":[{"href":"https:\/\/nulk.cz\/atlastextilu\/wp-json\/wp\/v2\/product"}],"about":[{"href":"https:\/\/nulk.cz\/atlastextilu\/wp-json\/wp\/v2\/types\/product"}],"wp:featuredmedia":[{"embeddable":true,"href":"https:\/\/nulk.cz\/atlastextilu\/wp-json\/wp\/v2\/media\/709"}],"wp:attachment":[{"href":"https:\/\/nulk.cz\/atlastextilu\/wp-json\/wp\/v2\/media?parent=708"}],"wp:term":[{"taxonomy":"product_brand","embeddable":true,"href":"https:\/\/nulk.cz\/atlastextilu\/wp-json\/wp\/v2\/product_brand?post=708"},{"taxonomy":"product_cat","embeddable":true,"href":"https:\/\/nulk.cz\/atlastextilu\/wp-json\/wp\/v2\/product_cat?post=708"},{"taxonomy":"product_tag","embeddable":true,"href":"https:\/\/nulk.cz\/atlastextilu\/wp-json\/wp\/v2\/product_tag?post=708"}],"curies":[{"name":"wp","href":"https:\/\/api.w.org\/{rel}","templated":true}]}}

satén NÚLK 9496

<p>&#8222;Kordulka&#8220; ušitá ze čtyř dílů. Jako materiál je použit modrý hedvábný satén s bílými vetkanými rostlinnými motivy.</p>
