{"id":738,"date":"2023-01-13T13:37:29","date_gmt":"2023-01-13T12:37:29","guid":{"rendered":"https:\/\/nulk.cz\/atlastextilu\/?post_type=product&#038;p=738"},"modified":"2023-01-13T13:37:29","modified_gmt":"2023-01-13T12:37:29","slug":"serka-mvt-1_06_334","status":"publish","type":"product","link":"https:\/\/nulk.cz\/atlastextilu\/vzorek\/serka-mvt-1_06_334\/","title":{"rendered":"\u0161erka MVT 1_06_334"},"content":{"rendered":"","protected":false},"excerpt":{"rendered":"<p>erka kosti\u010dkovan\u00e1 pou\u017eit\u00e1 na sukni. Spodn\u00ed okraj sukn\u011b zdob\u00ed \u010dern\u00e1 sametka. K sukni je p\u0159i\u0161ity tkaloun hotoven\u00fd na tkac\u00ed desti\u010dce. D\u00e9lka sukn\u011b 78 cm.<\/p>\n","protected":false},"featured_media":739,"template":"","meta":[],"product_brand":[],"product_cat":[464],"product_tag":[],"class_list":{"0":"post-738","1":"product","2":"type-product","3":"status-publish","4":"has-post-thumbnail","6":"product_cat-serka","7":"pa_barevnost-osnovnich-niti-bila","8":"pa_barevnost-osnovnich-niti-cervena","9":"pa_barevnost-osnovnich-niti-modra","10":"pa_barevnost-textilie-fialova","11":"pa_barevnost-utkovych-niti-bila","12":"pa_barevnost-utkovych-niti-cervena","13":"pa_barevnost-utkovych-niti-fialova","14":"pa_datace-ramcova-2-pol-19-stol","15":"pa_dostava-na-1-cm2-16-20","16":"pa_evidencni-c-1_06_334","17":"pa_instituce-mvt-muzeum-vysociny-trebic-p-o","18":"pa_konstrukce-osnovnich-niti-jednoducha-nit","19":"pa_konstrukce-utkovych-niti-jednoducha-nit","20":"pa_lokalita-dle-uziti-ceskomoravska-vysocina","21":"pa_nazev-textilie-serka","22":"pa_popsano-na-casti-odevu-sukne","23":"pa_tkanina-zjistena-na-sukne","24":"pa_typ-textilie-tkanina","25":"pa_typ-vazby-kepr-levy-osnovni","26":"pa_vlakna-osnovnich-niti-bavlna","27":"pa_vlakna-osnovnich-niti-len","28":"pa_vlakna-utkovych-niti-bavlna","29":"pa_vlakna-utkovych-niti-len","30":"pa_vyrobce-textilie-neznamy","32":"entry","33":"has-media","35":"first","36":"instock","37":"shipping-taxable","38":"product-type-simple","39":"has-product-nav","40":"col","41":"span_1_of_5","42":"owp-content-center","43":"owp-thumbs-layout-vertical","44":"owp-btn-normal","45":"owp-tabs-layout-horizontal","46":"has-no-thumbnails"},"_links":{"self":[{"href":"https:\/\/nulk.cz\/atlastextilu\/wp-json\/wp\/v2\/product\/738","targetHints":{"allow":["GET"]}}],"collection":[{"href":"https:\/\/nulk.cz\/atlastextilu\/wp-json\/wp\/v2\/product"}],"about":[{"href":"https:\/\/nulk.cz\/atlastextilu\/wp-json\/wp\/v2\/types\/product"}],"wp:featuredmedia":[{"embeddable":true,"href":"https:\/\/nulk.cz\/atlastextilu\/wp-json\/wp\/v2\/media\/739"}],"wp:attachment":[{"href":"https:\/\/nulk.cz\/atlastextilu\/wp-json\/wp\/v2\/media?parent=738"}],"wp:term":[{"taxonomy":"product_brand","embeddable":true,"href":"https:\/\/nulk.cz\/atlastextilu\/wp-json\/wp\/v2\/product_brand?post=738"},{"taxonomy":"product_cat","embeddable":true,"href":"https:\/\/nulk.cz\/atlastextilu\/wp-json\/wp\/v2\/product_cat?post=738"},{"taxonomy":"product_tag","embeddable":true,"href":"https:\/\/nulk.cz\/atlastextilu\/wp-json\/wp\/v2\/product_tag?post=738"}],"curies":[{"name":"wp","href":"https:\/\/api.w.org\/{rel}","templated":true}]}}