{"id":763,"date":"2023-09-05T08:47:34","date_gmt":"2023-09-05T06:47:34","guid":{"rendered":"https:\/\/nulk.cz\/atlastextilu\/?post_type=product&#038;p=763"},"modified":"2023-09-05T08:47:34","modified_gmt":"2023-09-05T06:47:34","slug":"serka-uee-5_25","status":"publish","type":"product","link":"https:\/\/nulk.cz\/atlastextilu\/vzorek\/serka-uee-5_25\/","title":{"rendered":"\u0161erka \u00daEE 5_25"},"content":{"rendered":"<p>Karta se vzorkem tkaniny &#8211; vln\u011bn\u00e1 tkanina s keprovou vazbou a modr\u00fdmi a fialov\u00fdmi prou\u017eky. Sb\u011br v ter\u00e9nu PhDr. Vlasta Svobodov\u00e1.<\/p>\n","protected":false},"excerpt":{"rendered":"<p><a href=\"https:\/\/nulk.cz\/atlastextilu\/wp-content\/uploads\/2023\/09\/karticky_UEE_5_25_orez.jpg\"><img loading=\"lazy\" decoding=\"async\" class=\"alignnone size-medium wp-image-764\" src=\"https:\/\/nulk.cz\/atlastextilu\/wp-content\/uploads\/2023\/09\/karticky_UEE_5_25_orez-300x190.jpg\" alt=\"\" width=\"300\" height=\"190\" srcset=\"https:\/\/nulk.cz\/atlastextilu\/wp-content\/uploads\/2023\/09\/karticky_UEE_5_25_orez-300x190.jpg 300w, https:\/\/nulk.cz\/atlastextilu\/wp-content\/uploads\/2023\/09\/karticky_UEE_5_25_orez-1024x650.jpg 1024w, https:\/\/nulk.cz\/atlastextilu\/wp-content\/uploads\/2023\/09\/karticky_UEE_5_25_orez-768x488.jpg 768w, https:\/\/nulk.cz\/atlastextilu\/wp-content\/uploads\/2023\/09\/karticky_UEE_5_25_orez-1320x838.jpg 1320w, https:\/\/nulk.cz\/atlastextilu\/wp-content\/uploads\/2023\/09\/karticky_UEE_5_25_orez-600x381.jpg 600w, https:\/\/nulk.cz\/atlastextilu\/wp-content\/uploads\/2023\/09\/karticky_UEE_5_25_orez.jpg 1446w\" sizes=\"auto, (max-width: 300px) 100vw, 300px\" \/><\/a><\/p>\n","protected":false},"featured_media":0,"template":"","meta":[],"product_brand":[],"product_cat":[464],"product_tag":[],"class_list":{"0":"post-763","1":"product","2":"type-product","3":"status-publish","5":"product_cat-serka","6":"pa_barevnost-osnovnich-niti-modra","7":"pa_barevnost-textilie-vicebarevna","8":"pa_barevnost-utkovych-niti-fialova","9":"pa_barevnost-utkovych-niti-modra","10":"pa_datace-ramcova-1-pol-20-stol","11":"pa_dostava-na-1-cm2-20-18","12":"pa_evidencni-c-5_25","13":"pa_instituce-uee-ustav-evropske-etnologie-ff-mu","14":"pa_konstrukce-osnovnich-niti-jednoducha-nit","15":"pa_konstrukce-utkovych-niti-jednoducha-nit","16":"pa_lokalita-dle-uziti-ceskomoravska-vysocina","17":"pa_lokalita-kraj-vysocina","18":"pa_lokalita-obec-dlouhe","19":"pa_lokalita-obec-zdar-nad-sazavou","20":"pa_nazev-textilie-serka","21":"pa_popsano-na-casti-odevu-karta-se-vzorkem-tkaniny","22":"pa_tkanina-zjistena-na-karta-se-vzorkem-tkaniny","23":"pa_typ-textilie-tkanina","24":"pa_typ-vazby-kepr","25":"pa_vlakna-osnovnich-niti-bavlna","26":"pa_vlakna-utkovych-niti-vlna-ovci","27":"pa_vyrobce-textilie-neznamy","29":"entry","31":"first","32":"instock","33":"shipping-taxable","34":"product-type-simple","35":"has-product-nav","36":"col","37":"span_1_of_5","38":"owp-content-center","39":"owp-thumbs-layout-vertical","40":"owp-btn-normal","41":"owp-tabs-layout-horizontal","42":"has-no-thumbnails"},"_links":{"self":[{"href":"https:\/\/nulk.cz\/atlastextilu\/wp-json\/wp\/v2\/product\/763","targetHints":{"allow":["GET"]}}],"collection":[{"href":"https:\/\/nulk.cz\/atlastextilu\/wp-json\/wp\/v2\/product"}],"about":[{"href":"https:\/\/nulk.cz\/atlastextilu\/wp-json\/wp\/v2\/types\/product"}],"wp:attachment":[{"href":"https:\/\/nulk.cz\/atlastextilu\/wp-json\/wp\/v2\/media?parent=763"}],"wp:term":[{"taxonomy":"product_brand","embeddable":true,"href":"https:\/\/nulk.cz\/atlastextilu\/wp-json\/wp\/v2\/product_brand?post=763"},{"taxonomy":"product_cat","embeddable":true,"href":"https:\/\/nulk.cz\/atlastextilu\/wp-json\/wp\/v2\/product_cat?post=763"},{"taxonomy":"product_tag","embeddable":true,"href":"https:\/\/nulk.cz\/atlastextilu\/wp-json\/wp\/v2\/product_tag?post=763"}],"curies":[{"name":"wp","href":"https:\/\/api.w.org\/{rel}","templated":true}]}}

šerka ÚEE 5_25

<p>Karta se vzorkem tkaniny &#8211; vlněná tkanina s keprovou vazbou a modrými a fialovými proužky. Sběr v terénu PhDr. Vlasta Svobodová.</p>
