{"id":772,"date":"2023-09-05T09:13:09","date_gmt":"2023-09-05T07:13:09","guid":{"rendered":"https:\/\/nulk.cz\/atlastextilu\/?post_type=product&#038;p=772"},"modified":"2023-09-05T09:13:10","modified_gmt":"2023-09-05T07:13:10","slug":"serka-mvt-1_06_50","status":"publish","type":"product","link":"https:\/\/nulk.cz\/atlastextilu\/vzorek\/serka-mvt-1_06_50\/","title":{"rendered":"\u0161erka MVT 1_06_50"},"content":{"rendered":"<p>Sukn\u011b zvan\u00e1 \u0161\u00e9rka. Pruh l\u00e1tky je na\u0159asen do pasovky. Spodn\u00ed okraj sukn\u011b pod\u0161it sv\u011btle \u010dervenou l\u00e1tkou. Doln\u00ed lem zpevn\u011bn \u010dernou tkanic\u00ed. Nad spodn\u00edm lemem na\u0161ita 5 cm \u0161irok\u00e1 sametka. Zap\u00edn\u00e1n\u00ed na kovov\u00fd h\u00e1\u010dek. D\u00e9lka sukn\u011b 83 cm.<\/p>\n","protected":false},"excerpt":{"rendered":"<p>Sukn\u011b zvan\u00e1 \u0161\u00e9rka. Pruh l\u00e1tky je na\u0159asen do pasovky. Spodn\u00ed okraj sukn\u011b pod\u0161it sv\u011btle \u010dervenou l\u00e1tkou. Doln\u00ed lem zpevn\u011bn \u010dernou tkanic\u00ed. Nad spodn\u00edm lemem na\u0161ita 5 cm \u0161irok\u00e1 sametka. Zap\u00edn\u00e1n\u00ed na kovov\u00fd h\u00e1\u010dek. D\u00e9lka sukn\u011b 83 cm.<\/p>\n","protected":false},"featured_media":773,"template":"","meta":[],"product_brand":[],"product_cat":[464],"product_tag":[],"class_list":{"0":"post-772","1":"product","2":"type-product","3":"status-publish","4":"has-post-thumbnail","6":"product_cat-serka","7":"pa_barevnost-osnovnich-niti-modra","8":"pa_barevnost-textilie-zelena","9":"pa_barevnost-utkovych-niti-cerna","10":"pa_barevnost-utkovych-niti-cervena","11":"pa_barevnost-utkovych-niti-fialova","12":"pa_barevnost-utkovych-niti-zelena","13":"pa_datace-ramcova-3-ctvrtina-19-stol","14":"pa_dostava-na-1-cm2-17-16","15":"pa_evidencni-c-1_06_50","16":"pa_instituce-mvt-muzeum-vysociny-trebic-p-o","17":"pa_konstrukce-osnovnich-niti-jednoducha-nit","18":"pa_konstrukce-utkovych-niti-jednoducha-nit","19":"pa_lokalita-dle-uziti-ceskomoravska-vysocina","20":"pa_lokalita-kraj-vysocina","21":"pa_lokalita-obec-trebic","22":"pa_lokalita-obec-vladislav","23":"pa_nazev-textilie-serka","24":"pa_popsano-na-casti-odevu-sukne","25":"pa_tkanina-zjistena-na-sukne","26":"pa_typ-textilie-tkanina","27":"pa_typ-vazby-kepr-pravy-osnovni","28":"pa_vlakna-osnovnich-niti-bavlna","29":"pa_vlakna-utkovych-niti-vlna-ovci","30":"pa_vyrobce-textilie-neznamy","32":"entry","33":"has-media","35":"first","36":"instock","37":"shipping-taxable","38":"product-type-simple","39":"has-product-nav","40":"col","41":"span_1_of_5","42":"owp-content-center","43":"owp-thumbs-layout-vertical","44":"owp-btn-normal","45":"owp-tabs-layout-horizontal"},"_links":{"self":[{"href":"https:\/\/nulk.cz\/atlastextilu\/wp-json\/wp\/v2\/product\/772","targetHints":{"allow":["GET"]}}],"collection":[{"href":"https:\/\/nulk.cz\/atlastextilu\/wp-json\/wp\/v2\/product"}],"about":[{"href":"https:\/\/nulk.cz\/atlastextilu\/wp-json\/wp\/v2\/types\/product"}],"wp:featuredmedia":[{"embeddable":true,"href":"https:\/\/nulk.cz\/atlastextilu\/wp-json\/wp\/v2\/media\/773"}],"wp:attachment":[{"href":"https:\/\/nulk.cz\/atlastextilu\/wp-json\/wp\/v2\/media?parent=772"}],"wp:term":[{"taxonomy":"product_brand","embeddable":true,"href":"https:\/\/nulk.cz\/atlastextilu\/wp-json\/wp\/v2\/product_brand?post=772"},{"taxonomy":"product_cat","embeddable":true,"href":"https:\/\/nulk.cz\/atlastextilu\/wp-json\/wp\/v2\/product_cat?post=772"},{"taxonomy":"product_tag","embeddable":true,"href":"https:\/\/nulk.cz\/atlastextilu\/wp-json\/wp\/v2\/product_tag?post=772"}],"curies":[{"name":"wp","href":"https:\/\/api.w.org\/{rel}","templated":true}]}}

šerka MVT 1_06_50

<p>Sukně zvaná šérka. Pruh látky je nařasen do pasovky. Spodní okraj sukně podšit světle červenou látkou. Dolní lem zpevněn černou tkanicí. Nad spodním lemem našita 5 cm široká sametka. Zapínání na kovový háček. Délka sukně 83 cm.</p>
