{"id":776,"date":"2023-09-05T09:18:03","date_gmt":"2023-09-05T07:18:03","guid":{"rendered":"https:\/\/nulk.cz\/atlastextilu\/?post_type=product&#038;p=776"},"modified":"2023-09-05T09:18:03","modified_gmt":"2023-09-05T07:18:03","slug":"serka-uee-5_1","status":"publish","type":"product","link":"https:\/\/nulk.cz\/atlastextilu\/vzorek\/serka-uee-5_1\/","title":{"rendered":"\u0161erka \u00daEE 5_1"},"content":{"rendered":"<p>Karta s uk\u00e1zkou textilie &#8211; \u0161erka. Zelen\u00e1 \u0161erka s keprovou vazbou protk\u00e1van\u00e1 \u010dern\u00fdmi \u00fazk\u00fdmi prou\u017eky. Sb\u011br v obci Baliny u Velk\u00e9ho Mezi\u0159\u00ed\u010d\u00ed PhDr. Vlasta Svobodov\u00e1.<\/p>\n","protected":false},"excerpt":{"rendered":"<p>Karta s uk\u00e1zkou textilie &#8211; \u0161erka. Zelen\u00e1 \u0161erka s keprovou vazbou protk\u00e1van\u00e1 \u010dern\u00fdmi \u00fazk\u00fdmi prou\u017eky. Sb\u011br v obci Baliny u Velk\u00e9ho Mezi\u0159\u00ed\u010d\u00ed PhDr. Vlasta Svobodov\u00e1.<\/p>\n","protected":false},"featured_media":777,"template":"","meta":[],"product_brand":[],"product_cat":[464],"product_tag":[],"class_list":{"0":"post-776","1":"product","2":"type-product","3":"status-publish","4":"has-post-thumbnail","6":"product_cat-serka","7":"pa_barevnost-osnovnich-niti-zelena","8":"pa_barevnost-textilie-zelena","9":"pa_barevnost-utkovych-niti-cerna","10":"pa_barevnost-utkovych-niti-zelena","11":"pa_datace-ramcova-1-pol-20-stol","12":"pa_dostava-na-1-cm2-18-12","13":"pa_evidencni-c-5_1","14":"pa_instituce-uee-ustav-evropske-etnologie-ff-mu","15":"pa_konstrukce-osnovnich-niti-jednoducha-nit","16":"pa_konstrukce-utkovych-niti-jednoducha-nit","17":"pa_lokalita-dle-uziti-ceskomoravska-vysocina","18":"pa_lokalita-kraj-vysocina","19":"pa_lokalita-obec-baliny","20":"pa_lokalita-obec-zdar-nad-sazavou","21":"pa_nazev-textilie-serka","22":"pa_popsano-na-casti-odevu-jiny-viz-popis","23":"pa_tkanina-zjistena-na-papirova-karta-s-nalepenou-tkaninou","24":"pa_typ-textilie-tkanina","25":"pa_typ-vazby-kepr","26":"pa_vlakna-osnovnich-niti-bavlna","27":"pa_vlakna-utkovych-niti-vlna-ovci","28":"pa_vyrobce-textilie-neznamy","30":"entry","31":"has-media","33":"first","34":"instock","35":"shipping-taxable","36":"product-type-simple","37":"has-product-nav","38":"col","39":"span_1_of_5","40":"owp-content-center","41":"owp-thumbs-layout-vertical","42":"owp-btn-normal","43":"owp-tabs-layout-horizontal"},"_links":{"self":[{"href":"https:\/\/nulk.cz\/atlastextilu\/wp-json\/wp\/v2\/product\/776","targetHints":{"allow":["GET"]}}],"collection":[{"href":"https:\/\/nulk.cz\/atlastextilu\/wp-json\/wp\/v2\/product"}],"about":[{"href":"https:\/\/nulk.cz\/atlastextilu\/wp-json\/wp\/v2\/types\/product"}],"wp:featuredmedia":[{"embeddable":true,"href":"https:\/\/nulk.cz\/atlastextilu\/wp-json\/wp\/v2\/media\/777"}],"wp:attachment":[{"href":"https:\/\/nulk.cz\/atlastextilu\/wp-json\/wp\/v2\/media?parent=776"}],"wp:term":[{"taxonomy":"product_brand","embeddable":true,"href":"https:\/\/nulk.cz\/atlastextilu\/wp-json\/wp\/v2\/product_brand?post=776"},{"taxonomy":"product_cat","embeddable":true,"href":"https:\/\/nulk.cz\/atlastextilu\/wp-json\/wp\/v2\/product_cat?post=776"},{"taxonomy":"product_tag","embeddable":true,"href":"https:\/\/nulk.cz\/atlastextilu\/wp-json\/wp\/v2\/product_tag?post=776"}],"curies":[{"name":"wp","href":"https:\/\/api.w.org\/{rel}","templated":true}]}}

šerka ÚEE 5_1

<p>Karta s ukázkou textilie &#8211; šerka. Zelená šerka s keprovou vazbou protkávaná černými úzkými proužky. Sběr v obci Baliny u Velkého Meziříčí PhDr. Vlasta Svobodová.</p>
