{"id":779,"date":"2023-09-05T09:37:46","date_gmt":"2023-09-05T07:37:46","guid":{"rendered":"https:\/\/nulk.cz\/atlastextilu\/?post_type=product&#038;p=779"},"modified":"2023-09-05T09:37:47","modified_gmt":"2023-09-05T07:37:47","slug":"sukno-mzm-13617","status":"publish","type":"product","link":"https:\/\/nulk.cz\/atlastextilu\/vzorek\/sukno-mzm-13617\/","title":{"rendered":"sukno MZM 13617"},"content":{"rendered":"<p>Mu\u017esk\u00e1 vesta &#8211; kordulka &#8211; z \u010dern\u00e9ho sukna se stojat\u00fdm l\u00edmcem, na jeho\u017e okraji jsou p\u0159i\u0161ity st\u0159apce z nakade\u0159en\u00e9 vlny oran\u017eov\u00e9 barvy (kytky). L\u00edmec zdob\u00ed pruh \u010derven\u00e9 v\u00fd\u0161ivky ze \u0161\u0148\u016fry. P\u0159ednice lemuje \u010derven\u00e1 stu\u017eka, vyztu\u017een\u00e1 do troj\u00faheln\u00edku s \u0159adou knofl\u00edk\u016f. Na druh\u00e9 stran\u011b m\u00edsta v\u00fdlo\u017eek s d\u00edrkami a s pruhem \u010derven\u00e9 v\u00fd\u0161ivky. Na z\u00e1dech jsou t\u0159i palmety z modr\u00e9ho \u0161n\u016frov\u00e1n\u00ed s kruhov\u00fdmi motivy a pod nimi \u201ekytky\u201c. Kapsy na p\u0159ednici jsou zdobeny modr\u00fdm \u0161n\u016frov\u00e1n\u00edm, kytkami a 2 knofl\u00ed\u010dky na klop\u00e1ch. Jedna kytka je tak na doln\u00edm okraji p\u0159ednice. Z\u00e1da jsou rozst\u0159i\u017eena do t\u0159\u00ed \u0161\u016fsk\u016f.<\/p>\n","protected":false},"excerpt":{"rendered":"<p>Mu\u017esk\u00e1 vesta &#8211; kordulka &#8211; z \u010dern\u00e9ho sukna se stojat\u00fdm l\u00edmcem, na jeho\u017e okraji jsou p\u0159i\u0161ity st\u0159apce z nakade\u0159en\u00e9 vlny oran\u017eov\u00e9 barvy (kytky). L\u00edmec zdob\u00ed pruh \u010derven\u00e9 v\u00fd\u0161ivky ze \u0161\u0148\u016fry. P\u0159ednice lemuje \u010derven\u00e1 stu\u017eka, vyztu\u017een\u00e1 do troj\u00faheln\u00edku s \u0159adou knofl\u00edk\u016f. Na druh\u00e9 stran\u011b m\u00edsta v\u00fdlo\u017eek s d\u00edrkami a s pruhem \u010derven\u00e9 v\u00fd\u0161ivky. Na z\u00e1dech jsou [&hellip;]<\/p>\n","protected":false},"featured_media":780,"template":"","meta":[],"product_brand":[],"product_cat":[528],"product_tag":[],"class_list":{"0":"post-779","1":"product","2":"type-product","3":"status-publish","4":"has-post-thumbnail","6":"product_cat-sukno","7":"pa_barevnost-osnovnich-niti-cerna","8":"pa_barevnost-textilie-cerna","9":"pa_barevnost-utkovych-niti-cerna","10":"pa_datace-ramcova-1-ctvrtina-20-stol","11":"pa_dostava-na-1-cm2-22-18","12":"pa_evidencni-c-530","13":"pa_instituce-mzm-moravske-zemske-muzeum-etnograficky-ustav","14":"pa_konstrukce-osnovnich-niti-jednoducha-nit","15":"pa_konstrukce-utkovych-niti-jednoducha-nit","16":"pa_lokalita-dle-uziti-slovacko","17":"pa_lokalita-kraj-zlinsky","18":"pa_lokalita-obec-uherske-hradiste","19":"pa_lokalita-obec-uhersky-ostroh","20":"pa_nazev-textilie-sukno","21":"pa_popsano-na-casti-odevu-horni-zadni-odevni-dil","22":"pa_tkanina-zjistena-na-muzska-vesta","23":"pa_typ-textilie-tkanina","24":"pa_typ-vazby-platnova","25":"pa_vlakna-osnovnich-niti-vlna-ovci","26":"pa_vlakna-utkovych-niti-vlna-ovci","27":"pa_vyrobce-textilie-neznamy","29":"entry","30":"has-media","32":"first","33":"instock","34":"shipping-taxable","35":"product-type-simple","36":"has-product-nav","37":"col","38":"span_1_of_5","39":"owp-content-center","40":"owp-thumbs-layout-vertical","41":"owp-btn-normal","42":"owp-tabs-layout-horizontal"},"_links":{"self":[{"href":"https:\/\/nulk.cz\/atlastextilu\/wp-json\/wp\/v2\/product\/779","targetHints":{"allow":["GET"]}}],"collection":[{"href":"https:\/\/nulk.cz\/atlastextilu\/wp-json\/wp\/v2\/product"}],"about":[{"href":"https:\/\/nulk.cz\/atlastextilu\/wp-json\/wp\/v2\/types\/product"}],"wp:featuredmedia":[{"embeddable":true,"href":"https:\/\/nulk.cz\/atlastextilu\/wp-json\/wp\/v2\/media\/780"}],"wp:attachment":[{"href":"https:\/\/nulk.cz\/atlastextilu\/wp-json\/wp\/v2\/media?parent=779"}],"wp:term":[{"taxonomy":"product_brand","embeddable":true,"href":"https:\/\/nulk.cz\/atlastextilu\/wp-json\/wp\/v2\/product_brand?post=779"},{"taxonomy":"product_cat","embeddable":true,"href":"https:\/\/nulk.cz\/atlastextilu\/wp-json\/wp\/v2\/product_cat?post=779"},{"taxonomy":"product_tag","embeddable":true,"href":"https:\/\/nulk.cz\/atlastextilu\/wp-json\/wp\/v2\/product_tag?post=779"}],"curies":[{"name":"wp","href":"https:\/\/api.w.org\/{rel}","templated":true}]}}

<p>Mužská vesta &#8211; kordulka &#8211; z černého sukna se stojatým límcem, na jehož okraji jsou přišity střapce z nakadeřené vlny oranžové barvy (kytky). Límec zdobí pruh červené výšivky ze šňůry. Přednice lemuje červená stužka, vyztužená do trojúhelníku s řadou knoflíků. Na druhé straně místa výložek s dírkami a s pruhem červené výšivky. Na zádech jsou tři palmety z modrého šnůrování s kruhovými motivy a pod nimi „kytky“. Kapsy na přednici jsou zdobeny modrým šnůrováním, kytkami a 2 knoflíčky na klopách. Jedna kytka je tak na dolním okraji přednice. Záda jsou rozstřižena do tří šůsků.</p>

<p>Mužská vesta &#8211; kordulka &#8211; z černého sukna se stojatým límcem, na jehož okraji jsou přišity střapce z nakadeřené vlny oranžové barvy (kytky). Límec zdobí pruh červené výšivky ze šňůry. Přednice lemuje červená stužka, vyztužená do trojúhelníku s řadou knoflíků. Na druhé straně místa výložek s dírkami a s pruhem červené výšivky. Na zádech jsou [&hellip;]</p>
