{"id":789,"date":"2023-09-05T09:58:26","date_gmt":"2023-09-05T07:58:26","guid":{"rendered":"https:\/\/nulk.cz\/atlastextilu\/?post_type=product&#038;p=789"},"modified":"2023-09-05T09:58:26","modified_gmt":"2023-09-05T07:58:26","slug":"sukno-mzm-16883","status":"publish","type":"product","link":"https:\/\/nulk.cz\/atlastextilu\/vzorek\/sukno-mzm-16883\/","title":{"rendered":"sukno MZM 16883"},"content":{"rendered":"<p>Mu\u017esk\u00fd modr\u00fd l\u00edmcov\u00fd pl\u00e1\u0161\u0165.<\/p>\n","protected":false},"excerpt":{"rendered":"<p>Mu\u017esk\u00fd modr\u00fd l\u00edmcov\u00fd pl\u00e1\u0161\u0165.<\/p>\n","protected":false},"featured_media":0,"template":"","meta":[],"product_brand":[],"product_cat":[528],"product_tag":[],"class_list":{"0":"post-789","1":"product","2":"type-product","3":"status-publish","5":"product_cat-sukno","6":"pa_barevnost-osnovnich-niti-modra","7":"pa_barevnost-textilie-modra","8":"pa_barevnost-utkovych-niti-modra","9":"pa_datace-ramcova-3-ctvrtina-19-stol","10":"pa_dostava-na-1-cm2-17-15","11":"pa_evidencni-c-540","12":"pa_instituce-mzm-moravske-zemske-muzeum-etnograficky-ustav","13":"pa_konstrukce-osnovnich-niti-jednoducha-nit","14":"pa_konstrukce-utkovych-niti-jednoducha-nit","15":"pa_lokalita-dle-uziti-plast-limcovy","16":"pa_lokalita-kraj-olomoucky","17":"pa_lokalita-obec-hana","18":"pa_nazev-textilie-sukno","19":"pa_popsano-na-casti-odevu-horni-predni-odevni-dil","20":"pa_tkanina-zjistena-na-plast-limcovy","21":"pa_typ-textilie-tkanina","22":"pa_typ-vazby-platnova","23":"pa_vlakna-osnovnich-niti-vlna-ovci","24":"pa_vlakna-utkovych-niti-vlna-ovci","25":"pa_vyrobce-textilie-neznamy","27":"entry","29":"first","30":"instock","31":"shipping-taxable","32":"product-type-simple","33":"has-product-nav","34":"col","35":"span_1_of_5","36":"owp-content-center","37":"owp-thumbs-layout-vertical","38":"owp-btn-normal","39":"owp-tabs-layout-horizontal","40":"has-no-thumbnails"},"_links":{"self":[{"href":"https:\/\/nulk.cz\/atlastextilu\/wp-json\/wp\/v2\/product\/789","targetHints":{"allow":["GET"]}}],"collection":[{"href":"https:\/\/nulk.cz\/atlastextilu\/wp-json\/wp\/v2\/product"}],"about":[{"href":"https:\/\/nulk.cz\/atlastextilu\/wp-json\/wp\/v2\/types\/product"}],"wp:attachment":[{"href":"https:\/\/nulk.cz\/atlastextilu\/wp-json\/wp\/v2\/media?parent=789"}],"wp:term":[{"taxonomy":"product_brand","embeddable":true,"href":"https:\/\/nulk.cz\/atlastextilu\/wp-json\/wp\/v2\/product_brand?post=789"},{"taxonomy":"product_cat","embeddable":true,"href":"https:\/\/nulk.cz\/atlastextilu\/wp-json\/wp\/v2\/product_cat?post=789"},{"taxonomy":"product_tag","embeddable":true,"href":"https:\/\/nulk.cz\/atlastextilu\/wp-json\/wp\/v2\/product_tag?post=789"}],"curies":[{"name":"wp","href":"https:\/\/api.w.org\/{rel}","templated":true}]}}