{"id":802,"date":"2023-09-05T10:16:22","date_gmt":"2023-09-05T08:16:22","guid":{"rendered":"https:\/\/nulk.cz\/atlastextilu\/?post_type=product&#038;p=802"},"modified":"2023-09-05T10:16:22","modified_gmt":"2023-09-05T08:16:22","slug":"sukno-mzm-14844","status":"publish","type":"product","link":"https:\/\/nulk.cz\/atlastextilu\/vzorek\/sukno-mzm-14844\/","title":{"rendered":"sukno MZM 14844"},"content":{"rendered":"<p>\u201eLajbl\u201c z hrub\u00e9ho b\u00edl\u00e9ho sukna se stojat\u00fdm l\u00edmcem zdoben\u00fd modr\u00fdm \u0161n\u016frov\u00e1n\u00edm a \u010dervenou drobnou v\u00fd\u0161ivkou. Zap\u00edn\u00e1 se na velk\u00e9 zlatav\u00e9 knofl\u00edky. Klopy kapes a ostatn\u00ed okraje lemuje b\u00edl\u00e1 k\u016f\u017ee. Na z\u00e1dech jsou t\u0159i \u0161\u016fsky. Po\u0161kozen\u00fd, prod\u0159en\u00fd. D\u00e9lka zad 57 cm. U\u017e\u00edv\u00e1n p\u0159ed rokem 1963, kdy darov\u00e1n do sb\u00edrky muzea.<\/p>\n","protected":false},"excerpt":{"rendered":"<p>\u201eLajbl\u201c z hrub\u00e9ho b\u00edl\u00e9ho sukna se stojat\u00fdm l\u00edmcem zdoben\u00fd modr\u00fdm \u0161n\u016frov\u00e1n\u00edm a \u010dervenou drobnou v\u00fd\u0161ivkou. Zap\u00edn\u00e1 se na velk\u00e9 zlatav\u00e9 knofl\u00edky. Klopy kapes a ostatn\u00ed okraje lemuje b\u00edl\u00e1 k\u016f\u017ee. Na z\u00e1dech jsou t\u0159i \u0161\u016fsky. Po\u0161kozen\u00fd, prod\u0159en\u00fd. D\u00e9lka zad 57 cm. U\u017e\u00edv\u00e1n p\u0159ed rokem 1963, kdy darov\u00e1n do sb\u00edrky muzea.<\/p>\n","protected":false},"featured_media":803,"template":"","meta":[],"product_brand":[],"product_cat":[528],"product_tag":[],"class_list":{"0":"post-802","1":"product","2":"type-product","3":"status-publish","4":"has-post-thumbnail","6":"product_cat-sukno","7":"pa_barevnost-osnovnich-niti-prirodni-svetla","8":"pa_barevnost-textilie-prirodni-svetla-barevnost","9":"pa_barevnost-utkovych-niti-prirodni-svetla","10":"pa_datace-ramcova-2-ctvrtina-20-stol","11":"pa_dostava-na-1-cm2-5-4","12":"pa_evidencni-c-560","13":"pa_instituce-mzm-moravske-zemske-muzeum-etnograficky-ustav","14":"pa_konstrukce-osnovnich-niti-jednoducha-nit","15":"pa_konstrukce-utkovych-niti-jednoducha-nit","16":"pa_lokalita-dle-uziti-slovacko-kopanice","17":"pa_lokalita-kraj-zlinsky","18":"pa_lokalita-obec-strani","19":"pa_lokalita-obec-uherske-hradiste","20":"pa_nazev-textilie-sukno","21":"pa_popsano-na-casti-odevu-horni-zadni-odevni-dil","22":"pa_tkanina-zjistena-na-kabatek-muzsky","23":"pa_typ-textilie-tkanina","24":"pa_typ-vazby-platnova","25":"pa_vlakna-osnovnich-niti-vlna-ovci","26":"pa_vlakna-utkovych-niti-vlna-ovci","27":"pa_vyrobce-textilie-neznamy","29":"entry","30":"has-media","32":"first","33":"instock","34":"shipping-taxable","35":"product-type-simple","36":"has-product-nav","37":"col","38":"span_1_of_5","39":"owp-content-center","40":"owp-thumbs-layout-vertical","41":"owp-btn-normal","42":"owp-tabs-layout-horizontal"},"_links":{"self":[{"href":"https:\/\/nulk.cz\/atlastextilu\/wp-json\/wp\/v2\/product\/802","targetHints":{"allow":["GET"]}}],"collection":[{"href":"https:\/\/nulk.cz\/atlastextilu\/wp-json\/wp\/v2\/product"}],"about":[{"href":"https:\/\/nulk.cz\/atlastextilu\/wp-json\/wp\/v2\/types\/product"}],"wp:featuredmedia":[{"embeddable":true,"href":"https:\/\/nulk.cz\/atlastextilu\/wp-json\/wp\/v2\/media\/803"}],"wp:attachment":[{"href":"https:\/\/nulk.cz\/atlastextilu\/wp-json\/wp\/v2\/media?parent=802"}],"wp:term":[{"taxonomy":"product_brand","embeddable":true,"href":"https:\/\/nulk.cz\/atlastextilu\/wp-json\/wp\/v2\/product_brand?post=802"},{"taxonomy":"product_cat","embeddable":true,"href":"https:\/\/nulk.cz\/atlastextilu\/wp-json\/wp\/v2\/product_cat?post=802"},{"taxonomy":"product_tag","embeddable":true,"href":"https:\/\/nulk.cz\/atlastextilu\/wp-json\/wp\/v2\/product_tag?post=802"}],"curies":[{"name":"wp","href":"https:\/\/api.w.org\/{rel}","templated":true}]}}

<p>„Lajbl“ z hrubého bílého sukna se stojatým límcem zdobený modrým šnůrováním a červenou drobnou výšivkou. Zapíná se na velké zlatavé knoflíky. Klopy kapes a ostatní okraje lemuje bílá kůže. Na zádech jsou tři šůsky. Poškozený, prodřený. Délka zad 57 cm. Užíván před rokem 1963, kdy darován do sbírky muzea.</p>
