{"id":806,"date":"2023-09-05T10:22:31","date_gmt":"2023-09-05T08:22:31","guid":{"rendered":"https:\/\/nulk.cz\/atlastextilu\/?post_type=product&#038;p=806"},"modified":"2023-09-05T10:22:31","modified_gmt":"2023-09-05T08:22:31","slug":"sukno-mzm-50548","status":"publish","type":"product","link":"https:\/\/nulk.cz\/atlastextilu\/vzorek\/sukno-mzm-50548\/","title":{"rendered":"sukno MZM 50548"},"content":{"rendered":"<p>Sukno z haleny. Halena z hrub\u00e9ho sukna, b\u00edlo\u017elut\u00e9 barvy, st\u0159ih \u2013 p\u0159\u00ed\u010dn\u00e9 pon\u010do, Na z\u00e1dech velk\u00fd \u010dtvercov\u00fd l\u00edmec, lemovan\u00fd prou\u017ekem \u010dern\u00e9ho sukna. Ke spodn\u00edmu okraji l\u00edmce je p\u0159i\u0161ito sukno v barv\u011b fialov\u00e9, okrov\u00e9 a \u010derven\u00e9. V roz\u00edch je \u0159et\u00edzkov\u00fdm stehem vy\u0161it tulip\u00e1n v barv\u011b \u010derven\u00e9 a zelen\u00e9. P\u0159elo\u017een\u00e9 p\u0159ednice zdob\u00ed kousky \u010derven\u00e9ho a \u010dern\u00e9ho sukna kosod\u00e9ln\u00edkov\u00e9ho tvaru. Na spodn\u00edm okraji je kr\u00e1tk\u00fd rozparek. Zavazov\u00e1n\u00ed na dv\u011b stuhy s vetkan\u00fdmi kv\u011bty. D\u00e9lka 106 cm.<\/p>\n","protected":false},"excerpt":{"rendered":"<p>Sukno z haleny. Halena z hrub\u00e9ho sukna, b\u00edlo\u017elut\u00e9 barvy, st\u0159ih \u2013 p\u0159\u00ed\u010dn\u00e9 pon\u010do, Na z\u00e1dech velk\u00fd \u010dtvercov\u00fd l\u00edmec, lemovan\u00fd prou\u017ekem \u010dern\u00e9ho sukna. Ke spodn\u00edmu okraji l\u00edmce je p\u0159i\u0161ito sukno v barv\u011b fialov\u00e9, okrov\u00e9 a \u010derven\u00e9. V roz\u00edch je \u0159et\u00edzkov\u00fdm stehem vy\u0161it tulip\u00e1n v barv\u011b \u010derven\u00e9 a zelen\u00e9. P\u0159elo\u017een\u00e9 p\u0159ednice zdob\u00ed kousky \u010derven\u00e9ho a \u010dern\u00e9ho sukna [&hellip;]<\/p>\n","protected":false},"featured_media":807,"template":"","meta":[],"product_brand":[],"product_cat":[528],"product_tag":[],"class_list":{"0":"post-806","1":"product","2":"type-product","3":"status-publish","4":"has-post-thumbnail","6":"product_cat-sukno","7":"pa_barevnost-osnovnich-niti-prirodni-svetla","8":"pa_barevnost-textilie-prirodni-svetla-barevnost","9":"pa_barevnost-utkovych-niti-prirodni-svetla","10":"pa_datace-ramcova-1-pol-20-stol","11":"pa_dostava-na-1-cm2-5x4","12":"pa_evidencni-c-565","13":"pa_instituce-mzm-moravske-zemske-muzeum-etnograficky-ustav","14":"pa_konstrukce-osnovnich-niti-jednoducha-nit","15":"pa_konstrukce-utkovych-niti-jednoducha-nit","16":"pa_lokalita-dle-uziti-slovacko","17":"pa_lokalita-kraj-zlinsky","18":"pa_lokalita-obec-bystrice-pod-lopenikem","19":"pa_lokalita-obec-uherske-hradiste","20":"pa_nazev-textilie-sukno","21":"pa_popsano-na-casti-odevu-rukav","22":"pa_tkanina-zjistena-na-halena","23":"pa_typ-textilie-tkanina","24":"pa_typ-vazby-platnova","25":"pa_vlakna-osnovnich-niti-vlna-ovci","26":"pa_vlakna-utkovych-niti-vlna-ovci","27":"pa_vyrobce-textilie-neznamy","29":"entry","30":"has-media","32":"first","33":"instock","34":"shipping-taxable","35":"product-type-simple","36":"has-product-nav","37":"col","38":"span_1_of_5","39":"owp-content-center","40":"owp-thumbs-layout-vertical","41":"owp-btn-normal","42":"owp-tabs-layout-horizontal"},"_links":{"self":[{"href":"https:\/\/nulk.cz\/atlastextilu\/wp-json\/wp\/v2\/product\/806","targetHints":{"allow":["GET"]}}],"collection":[{"href":"https:\/\/nulk.cz\/atlastextilu\/wp-json\/wp\/v2\/product"}],"about":[{"href":"https:\/\/nulk.cz\/atlastextilu\/wp-json\/wp\/v2\/types\/product"}],"wp:featuredmedia":[{"embeddable":true,"href":"https:\/\/nulk.cz\/atlastextilu\/wp-json\/wp\/v2\/media\/807"}],"wp:attachment":[{"href":"https:\/\/nulk.cz\/atlastextilu\/wp-json\/wp\/v2\/media?parent=806"}],"wp:term":[{"taxonomy":"product_brand","embeddable":true,"href":"https:\/\/nulk.cz\/atlastextilu\/wp-json\/wp\/v2\/product_brand?post=806"},{"taxonomy":"product_cat","embeddable":true,"href":"https:\/\/nulk.cz\/atlastextilu\/wp-json\/wp\/v2\/product_cat?post=806"},{"taxonomy":"product_tag","embeddable":true,"href":"https:\/\/nulk.cz\/atlastextilu\/wp-json\/wp\/v2\/product_tag?post=806"}],"curies":[{"name":"wp","href":"https:\/\/api.w.org\/{rel}","templated":true}]}}

<p>Sukno z haleny. Halena z hrubého sukna, bíložluté barvy, střih – příčné pončo, Na zádech velký čtvercový límec, lemovaný proužkem černého sukna. Ke spodnímu okraji límce je přišito sukno v barvě fialové, okrové a červené. V rozích je řetízkovým stehem vyšit tulipán v barvě červené a zelené. Přeložené přednice zdobí kousky červeného a černého sukna kosodélníkového tvaru. Na spodním okraji je krátký rozparek. Zavazování na dvě stuhy s vetkanými květy. Délka 106 cm.</p>

<p>Sukno z haleny. Halena z hrubého sukna, bíložluté barvy, střih – příčné pončo, Na zádech velký čtvercový límec, lemovaný proužkem černého sukna. Ke spodnímu okraji límce je přišito sukno v barvě fialové, okrové a červené. V rozích je řetízkovým stehem vyšit tulipán v barvě červené a zelené. Přeložené přednice zdobí kousky červeného a černého sukna [&hellip;]</p>
