{"id":825,"date":"2023-09-05T13:00:33","date_gmt":"2023-09-05T11:00:33","guid":{"rendered":"https:\/\/nulk.cz\/atlastextilu\/?post_type=product&#038;p=825"},"modified":"2023-09-05T13:00:33","modified_gmt":"2023-09-05T11:00:33","slug":"taft-s-moare-nulk-2961","status":"publish","type":"product","link":"https:\/\/nulk.cz\/atlastextilu\/vzorek\/taft-s-moare-nulk-2961\/","title":{"rendered":"taft s moar\u00e9 N\u00daLK 2961"},"content":{"rendered":"<p>Na kordulce je kolem krku a na p\u0159edn\u00ed \u010d\u00e1sti je na\u0161it\u00e1 \u0161irok\u00e1 pruhovan\u00e1 stuha &#8211; p\u0159evl\u00e1d\u00e1 \u010derven\u00e1 barva.<\/p>\n","protected":false},"excerpt":{"rendered":"<p>Na kordulce je kolem krku a na p\u0159edn\u00ed \u010d\u00e1sti je na\u0161it\u00e1 \u0161irok\u00e1 pruhovan\u00e1 stuha &#8211; p\u0159evl\u00e1d\u00e1 \u010derven\u00e1 barva.<\/p>\n","protected":false},"featured_media":827,"template":"","meta":[],"product_brand":[],"product_cat":[572],"product_tag":[],"class_list":{"0":"post-825","1":"product","2":"type-product","3":"status-publish","4":"has-post-thumbnail","6":"product_cat-traft-s-moare","7":"pa_barevnost-osnovnich-niti-bila","8":"pa_barevnost-osnovnich-niti-cerna","9":"pa_barevnost-osnovnich-niti-cervena","10":"pa_barevnost-osnovnich-niti-modra","11":"pa_barevnost-osnovnich-niti-zelena","12":"pa_barevnost-osnovnich-niti-zluta","13":"pa_barevnost-textilie-vicebarevna","14":"pa_barevnost-utkovych-niti-bila","15":"pa_datace-ramcova-1-pol-20-stol","16":"pa_dostava-na-1-cm2-0-0","17":"pa_evidencni-c-461","18":"pa_instituce-nulk-narodni-ustav-lidove-kultury-ve-straznici","19":"pa_konstrukce-osnovnich-niti-jednoducha-nit","20":"pa_konstrukce-utkovych-niti-jednoducha-nit","21":"pa_lokalita-dle-uziti-slovacko-dolnacko","22":"pa_lokalita-kraj-jihomoravsky","23":"pa_lokalita-obec-hodonin","24":"pa_lokalita-obec-vnorovy","25":"pa_nazev-textilie-taft-s-moare","26":"pa_popsano-na-casti-odevu-stuha","27":"pa_tkanina-zjistena-na-stuha","28":"pa_typ-textilie-tkanina","29":"pa_typ-vazby-nezadano","30":"pa_vlakna-osnovnich-niti-nezjisteno","31":"pa_vlakna-utkovych-niti-nezjisteno","32":"pa_vyrobce-textilie-neznamy","34":"entry","35":"has-media","37":"first","38":"instock","39":"shipping-taxable","40":"product-type-simple","41":"has-product-nav","42":"col","43":"span_1_of_5","44":"owp-content-center","45":"owp-thumbs-layout-vertical","46":"owp-btn-normal","47":"owp-tabs-layout-horizontal"},"_links":{"self":[{"href":"https:\/\/nulk.cz\/atlastextilu\/wp-json\/wp\/v2\/product\/825","targetHints":{"allow":["GET"]}}],"collection":[{"href":"https:\/\/nulk.cz\/atlastextilu\/wp-json\/wp\/v2\/product"}],"about":[{"href":"https:\/\/nulk.cz\/atlastextilu\/wp-json\/wp\/v2\/types\/product"}],"wp:featuredmedia":[{"embeddable":true,"href":"https:\/\/nulk.cz\/atlastextilu\/wp-json\/wp\/v2\/media\/827"}],"wp:attachment":[{"href":"https:\/\/nulk.cz\/atlastextilu\/wp-json\/wp\/v2\/media?parent=825"}],"wp:term":[{"taxonomy":"product_brand","embeddable":true,"href":"https:\/\/nulk.cz\/atlastextilu\/wp-json\/wp\/v2\/product_brand?post=825"},{"taxonomy":"product_cat","embeddable":true,"href":"https:\/\/nulk.cz\/atlastextilu\/wp-json\/wp\/v2\/product_cat?post=825"},{"taxonomy":"product_tag","embeddable":true,"href":"https:\/\/nulk.cz\/atlastextilu\/wp-json\/wp\/v2\/product_tag?post=825"}],"curies":[{"name":"wp","href":"https:\/\/api.w.org\/{rel}","templated":true}]}}

taft s moaré NÚLK 2961

<p>Na kordulce je kolem krku a na přední části je našitá široká pruhovaná stuha &#8211; převládá červená barva.</p>
