{"id":841,"date":"2023-09-05T13:12:53","date_gmt":"2023-09-05T11:12:53","guid":{"rendered":"https:\/\/nulk.cz\/atlastextilu\/?post_type=product&#038;p=841"},"modified":"2023-09-05T13:12:53","modified_gmt":"2023-09-05T11:12:53","slug":"tibet-nulk-1276","status":"publish","type":"product","link":"https:\/\/nulk.cz\/atlastextilu\/vzorek\/tibet-nulk-1276\/","title":{"rendered":"tibet N\u00daLK 1276"},"content":{"rendered":"<p>&#8222;Kordula&#8220; zvan\u00e1 &#8222;tibetka&#8220; je u\u0161it\u00e1 ze \u010dty\u0159 d\u00edl\u016f, jako materi\u00e1l je pou\u017eita \u010dern\u00e1 vln\u011bn\u00e1 l\u00e1tka s nati\u0161t\u011bn\u00fdmi drobn\u00fdmi fialov\u00fdmi kv\u00edtky.<\/p>\n","protected":false},"excerpt":{"rendered":"<p>&#8222;Kordula&#8220; zvan\u00e1 &#8222;tibetka&#8220; je u\u0161it\u00e1 ze \u010dty\u0159 d\u00edl\u016f, jako materi\u00e1l je pou\u017eita \u010dern\u00e1 vln\u011bn\u00e1 l\u00e1tka s nati\u0161t\u011bn\u00fdmi drobn\u00fdmi fialov\u00fdmi kv\u00edtky.<\/p>\n","protected":false},"featured_media":845,"template":"","meta":[],"product_brand":[],"product_cat":[583],"product_tag":[],"class_list":{"0":"post-841","1":"product","2":"type-product","3":"status-publish","4":"has-post-thumbnail","6":"product_cat-tibet","7":"pa_barevnost-osnovnich-niti-cerna","8":"pa_barevnost-osnovnich-niti-fialova","9":"pa_barevnost-osnovnich-niti-zelena","10":"pa_barevnost-textilie-vicebarevna","11":"pa_barevnost-utkovych-niti-cerna","12":"pa_barevnost-utkovych-niti-fialova","13":"pa_barevnost-utkovych-niti-zelena","14":"pa_datace-ramcova-1-pol-20-stol","15":"pa_dostava-na-1-cm2-0-0","16":"pa_evidencni-c-585","17":"pa_instituce-nulk-narodni-ustav-lidove-kultury-ve-straznici","18":"pa_konstrukce-osnovnich-niti-jednoducha-nit","19":"pa_konstrukce-utkovych-niti-jednoducha-nit","20":"pa_lokalita-dle-uziti-slovacko-dolnacko","21":"pa_lokalita-kraj-jihomoravsky","22":"pa_lokalita-obec-hodonin","23":"pa_lokalita-obec-straznice","24":"pa_nazev-textilie-tibet","25":"pa_popsano-na-casti-odevu-jiny-viz-popis","26":"pa_tkanina-zjistena-na-kordulka","27":"pa_typ-textilie-tkanina","28":"pa_typ-vazby-kepr","29":"pa_vlakna-osnovnich-niti-vlna-ovci","30":"pa_vlakna-utkovych-niti-vlna-ovci","31":"pa_vyrobce-textilie-neznamy","33":"entry","34":"has-media","36":"first","37":"instock","38":"shipping-taxable","39":"product-type-simple","40":"has-product-nav","41":"col","42":"span_1_of_5","43":"owp-content-center","44":"owp-thumbs-layout-vertical","45":"owp-btn-normal","46":"owp-tabs-layout-horizontal"},"_links":{"self":[{"href":"https:\/\/nulk.cz\/atlastextilu\/wp-json\/wp\/v2\/product\/841","targetHints":{"allow":["GET"]}}],"collection":[{"href":"https:\/\/nulk.cz\/atlastextilu\/wp-json\/wp\/v2\/product"}],"about":[{"href":"https:\/\/nulk.cz\/atlastextilu\/wp-json\/wp\/v2\/types\/product"}],"wp:featuredmedia":[{"embeddable":true,"href":"https:\/\/nulk.cz\/atlastextilu\/wp-json\/wp\/v2\/media\/845"}],"wp:attachment":[{"href":"https:\/\/nulk.cz\/atlastextilu\/wp-json\/wp\/v2\/media?parent=841"}],"wp:term":[{"taxonomy":"product_brand","embeddable":true,"href":"https:\/\/nulk.cz\/atlastextilu\/wp-json\/wp\/v2\/product_brand?post=841"},{"taxonomy":"product_cat","embeddable":true,"href":"https:\/\/nulk.cz\/atlastextilu\/wp-json\/wp\/v2\/product_cat?post=841"},{"taxonomy":"product_tag","embeddable":true,"href":"https:\/\/nulk.cz\/atlastextilu\/wp-json\/wp\/v2\/product_tag?post=841"}],"curies":[{"name":"wp","href":"https:\/\/api.w.org\/{rel}","templated":true}]}}

tibet NÚLK 1276

<p>&#8222;Kordula&#8220; zvaná &#8222;tibetka&#8220; je ušitá ze čtyř dílů, jako materiál je použita černá vlněná látka s natištěnými drobnými fialovými kvítky.</p>
