{"id":847,"date":"2023-09-05T13:18:16","date_gmt":"2023-09-05T11:18:16","guid":{"rendered":"https:\/\/nulk.cz\/atlastextilu\/?post_type=product&#038;p=847"},"modified":"2023-09-05T13:18:17","modified_gmt":"2023-09-05T11:18:17","slug":"tibet-nulk-36302","status":"publish","type":"product","link":"https:\/\/nulk.cz\/atlastextilu\/vzorek\/tibet-nulk-36302\/","title":{"rendered":"tibet N\u00daLK 36302"},"content":{"rendered":"<p>Z\u00e1st\u011bra je u\u0161ita ze \u010dty\u0159 d\u00edl\u016f. Na \u010derven\u00e9m podkladu je nati\u0161t\u011bn modro-zeleno-r\u016f\u017eov\u00fd kv\u011btinov\u00fd vzor.<\/p>\n","protected":false},"excerpt":{"rendered":"<p>Z\u00e1st\u011bra je u\u0161ita ze \u010dty\u0159 d\u00edl\u016f. Na \u010derven\u00e9m podkladu je nati\u0161t\u011bn modro-zeleno-r\u016f\u017eov\u00fd kv\u011btinov\u00fd vzor.<\/p>\n","protected":false},"featured_media":848,"template":"","meta":[],"product_brand":[],"product_cat":[583],"product_tag":[],"class_list":{"0":"post-847","1":"product","2":"type-product","3":"status-publish","4":"has-post-thumbnail","6":"product_cat-tibet","7":"pa_barevnost-osnovnich-niti-cervena","8":"pa_barevnost-osnovnich-niti-modra","9":"pa_barevnost-osnovnich-niti-seda","10":"pa_barevnost-osnovnich-niti-zelena","11":"pa_barevnost-osnovnich-niti-zluta","12":"pa_barevnost-textilie-vicebarevna","13":"pa_barevnost-utkovych-niti-cervena","14":"pa_barevnost-utkovych-niti-modra","15":"pa_barevnost-utkovych-niti-seda","16":"pa_barevnost-utkovych-niti-zelena","17":"pa_barevnost-utkovych-niti-zluta","18":"pa_datace-ramcova-1-pol-20-stol","19":"pa_dostava-na-1-cm2-0-0","20":"pa_evidencni-c-586","21":"pa_instituce-nulk-narodni-ustav-lidove-kultury-ve-straznici","22":"pa_konstrukce-osnovnich-niti-jednoducha-nit","23":"pa_konstrukce-utkovych-niti-jednoducha-nit","24":"pa_lokalita-dle-uziti-slovacko-hornacko","25":"pa_lokalita-kraj-jihomoravsky","26":"pa_lokalita-obec-hodonin","27":"pa_lokalita-obec-lipov","28":"pa_nazev-textilie-tibet","29":"pa_popsano-na-casti-odevu-zastera","30":"pa_tkanina-zjistena-na-zastera","31":"pa_typ-textilie-tkanina","32":"pa_typ-vazby-kepr","33":"pa_vlakna-osnovnich-niti-nezjisteno","34":"pa_vlakna-utkovych-niti-nezjisteno","35":"pa_vyrobce-textilie-neznamy","37":"entry","38":"has-media","40":"first","41":"instock","42":"shipping-taxable","43":"product-type-simple","44":"has-product-nav","45":"col","46":"span_1_of_5","47":"owp-content-center","48":"owp-thumbs-layout-vertical","49":"owp-btn-normal","50":"owp-tabs-layout-horizontal"},"_links":{"self":[{"href":"https:\/\/nulk.cz\/atlastextilu\/wp-json\/wp\/v2\/product\/847","targetHints":{"allow":["GET"]}}],"collection":[{"href":"https:\/\/nulk.cz\/atlastextilu\/wp-json\/wp\/v2\/product"}],"about":[{"href":"https:\/\/nulk.cz\/atlastextilu\/wp-json\/wp\/v2\/types\/product"}],"wp:featuredmedia":[{"embeddable":true,"href":"https:\/\/nulk.cz\/atlastextilu\/wp-json\/wp\/v2\/media\/848"}],"wp:attachment":[{"href":"https:\/\/nulk.cz\/atlastextilu\/wp-json\/wp\/v2\/media?parent=847"}],"wp:term":[{"taxonomy":"product_brand","embeddable":true,"href":"https:\/\/nulk.cz\/atlastextilu\/wp-json\/wp\/v2\/product_brand?post=847"},{"taxonomy":"product_cat","embeddable":true,"href":"https:\/\/nulk.cz\/atlastextilu\/wp-json\/wp\/v2\/product_cat?post=847"},{"taxonomy":"product_tag","embeddable":true,"href":"https:\/\/nulk.cz\/atlastextilu\/wp-json\/wp\/v2\/product_tag?post=847"}],"curies":[{"name":"wp","href":"https:\/\/api.w.org\/{rel}","templated":true}]}}

tibet NÚLK 36302

<p>Zástěra je ušita ze čtyř dílů. Na červeném podkladu je natištěn modro-zeleno-růžový květinový vzor.</p>
