{"id":855,"date":"2023-09-05T13:25:17","date_gmt":"2023-09-05T11:25:17","guid":{"rendered":"https:\/\/nulk.cz\/atlastextilu\/?post_type=product&#038;p=855"},"modified":"2023-09-05T13:25:17","modified_gmt":"2023-09-05T11:25:17","slug":"vaper-nulk-1520","status":"publish","type":"product","link":"https:\/\/nulk.cz\/atlastextilu\/vzorek\/vaper-nulk-1520\/","title":{"rendered":"vap\u00e9r N\u00daLK 1520"},"content":{"rendered":"<p>\u017dlut\u00fd pl\u00e1t\u011bn\u00fd \u0161\u00e1tek tzv. &#8222;vap\u00e9r\u00e1k&#8220;, poti\u0161t\u011bn\u00fd po obvod\u011b drobn\u00fdmi hn\u011bd\u00fdmi kv\u00edtky, na plo\u0161e te\u010dkami.<\/p>\n","protected":false},"excerpt":{"rendered":"<p>\u017dlut\u00fd pl\u00e1t\u011bn\u00fd \u0161\u00e1tek tzv. &#8222;vap\u00e9r\u00e1k&#8220;, poti\u0161t\u011bn\u00fd po obvod\u011b drobn\u00fdmi hn\u011bd\u00fdmi kv\u00edtky, na plo\u0161e te\u010dkami.<\/p>\n","protected":false},"featured_media":858,"template":"","meta":[],"product_brand":[],"product_cat":[588],"product_tag":[],"class_list":{"0":"post-855","1":"product","2":"type-product","3":"status-publish","4":"has-post-thumbnail","6":"product_cat-vaper","7":"pa_barevnost-osnovnich-niti-hneda","8":"pa_barevnost-osnovnich-niti-zluta","9":"pa_barevnost-textilie-vicebarevna","10":"pa_barevnost-utkovych-niti-hneda","11":"pa_barevnost-utkovych-niti-zluta","12":"pa_datace-ramcova-1-pol-20-stol","13":"pa_dostava-na-1-cm2-38-34","14":"pa_evidencni-c-593","15":"pa_instituce-nulk-narodni-ustav-lidove-kultury-ve-straznici","16":"pa_konstrukce-osnovnich-niti-jednoducha-nit","17":"pa_konstrukce-utkovych-niti-jednoducha-nit","18":"pa_lokalita-dle-uziti-slovacko-dolnacko","19":"pa_lokalita-kraj-jihomoravsky","20":"pa_lokalita-obec-hodonin","21":"pa_lokalita-obec-straznice","22":"pa_nazev-textilie-vaper","23":"pa_popsano-na-casti-odevu-pokryvka-hlavy","24":"pa_tkanina-zjistena-na-satek","25":"pa_typ-textilie-tkanina","26":"pa_typ-vazby-platnova","27":"pa_vlakna-osnovnich-niti-nezjisteno","28":"pa_vlakna-utkovych-niti-nezjisteno","29":"pa_vyrobce-textilie-neznamy","31":"entry","32":"has-media","34":"first","35":"instock","36":"shipping-taxable","37":"product-type-simple","38":"has-product-nav","39":"col","40":"span_1_of_5","41":"owp-content-center","42":"owp-thumbs-layout-vertical","43":"owp-btn-normal","44":"owp-tabs-layout-horizontal"},"_links":{"self":[{"href":"https:\/\/nulk.cz\/atlastextilu\/wp-json\/wp\/v2\/product\/855","targetHints":{"allow":["GET"]}}],"collection":[{"href":"https:\/\/nulk.cz\/atlastextilu\/wp-json\/wp\/v2\/product"}],"about":[{"href":"https:\/\/nulk.cz\/atlastextilu\/wp-json\/wp\/v2\/types\/product"}],"wp:featuredmedia":[{"embeddable":true,"href":"https:\/\/nulk.cz\/atlastextilu\/wp-json\/wp\/v2\/media\/858"}],"wp:attachment":[{"href":"https:\/\/nulk.cz\/atlastextilu\/wp-json\/wp\/v2\/media?parent=855"}],"wp:term":[{"taxonomy":"product_brand","embeddable":true,"href":"https:\/\/nulk.cz\/atlastextilu\/wp-json\/wp\/v2\/product_brand?post=855"},{"taxonomy":"product_cat","embeddable":true,"href":"https:\/\/nulk.cz\/atlastextilu\/wp-json\/wp\/v2\/product_cat?post=855"},{"taxonomy":"product_tag","embeddable":true,"href":"https:\/\/nulk.cz\/atlastextilu\/wp-json\/wp\/v2\/product_tag?post=855"}],"curies":[{"name":"wp","href":"https:\/\/api.w.org\/{rel}","templated":true}]}}