{"id":863,"date":"2023-09-05T14:09:15","date_gmt":"2023-09-05T12:09:15","guid":{"rendered":"https:\/\/nulk.cz\/atlastextilu\/?post_type=product&#038;p=863"},"modified":"2023-09-05T14:09:16","modified_gmt":"2023-09-05T12:09:16","slug":"vlnak-mvt-1_06_134","status":"publish","type":"product","link":"https:\/\/nulk.cz\/atlastextilu\/vzorek\/vlnak-mvt-1_06_134\/","title":{"rendered":"vl\u0148\u00e1k MVT 1_06_134"},"content":{"rendered":"<p>Velk\u00fd vln\u011bn\u00fd \u0161\u00e1tek u\u017e\u00edvan\u00fd v zimn\u00edch m\u011bs\u00edc\u00edch k zahalen\u00ed horn\u00ed \u010d\u00e1sti postavy.<\/p>\n","protected":false},"excerpt":{"rendered":"<p>Velk\u00fd vln\u011bn\u00fd \u0161\u00e1tek u\u017e\u00edvan\u00fd v zimn\u00edch m\u011bs\u00edc\u00edch k zahalen\u00ed horn\u00ed \u010d\u00e1sti postavy.<\/p>\n","protected":false},"featured_media":866,"template":"","meta":[],"product_brand":[],"product_cat":[595],"product_tag":[],"class_list":{"0":"post-863","1":"product","2":"type-product","3":"status-publish","4":"has-post-thumbnail","6":"product_cat-vlnak","7":"pa_barevnost-osnovnich-niti-cerna","8":"pa_barevnost-osnovnich-niti-hneda","9":"pa_barevnost-osnovnich-niti-oranzova","10":"pa_barevnost-osnovnich-niti-zelena","11":"pa_barevnost-textilie-zelena","12":"pa_barevnost-utkovych-niti-cerna","13":"pa_barevnost-utkovych-niti-hneda","14":"pa_barevnost-utkovych-niti-oranzova","15":"pa_barevnost-utkovych-niti-zelena","16":"pa_datace-ramcova-2-pol-19-stol","17":"pa_dostava-na-1-cm2-12-12","18":"pa_evidencni-c-1_06_134","19":"pa_instituce-mvt-muzeum-vysociny-trebic-p-o","20":"pa_konstrukce-osnovnich-niti-jednoducha-nit","21":"pa_konstrukce-utkovych-niti-jednoducha-nit","22":"pa_lokalita-dle-uziti-ceskomoravska-vysocina","23":"pa_lokalita-kraj-vysocina","24":"pa_lokalita-obec-desov","25":"pa_lokalita-obec-trebic","26":"pa_nazev-textilie-vlnak","27":"pa_popsano-na-casti-odevu-jiny-viz-popis","28":"pa_tkanina-zjistena-na-satek-prehoz","29":"pa_typ-textilie-tkanina","30":"pa_typ-vazby-kepr-pravy-osnovni","31":"pa_vlakna-osnovnich-niti-vlna-ovci","32":"pa_vlakna-utkovych-niti-vlna-ovci","33":"pa_vyrobce-textilie-neznamy","35":"entry","36":"has-media","38":"first","39":"instock","40":"shipping-taxable","41":"product-type-simple","42":"has-product-nav","43":"col","44":"span_1_of_5","45":"owp-content-center","46":"owp-thumbs-layout-vertical","47":"owp-btn-normal","48":"owp-tabs-layout-horizontal"},"_links":{"self":[{"href":"https:\/\/nulk.cz\/atlastextilu\/wp-json\/wp\/v2\/product\/863","targetHints":{"allow":["GET"]}}],"collection":[{"href":"https:\/\/nulk.cz\/atlastextilu\/wp-json\/wp\/v2\/product"}],"about":[{"href":"https:\/\/nulk.cz\/atlastextilu\/wp-json\/wp\/v2\/types\/product"}],"wp:featuredmedia":[{"embeddable":true,"href":"https:\/\/nulk.cz\/atlastextilu\/wp-json\/wp\/v2\/media\/866"}],"wp:attachment":[{"href":"https:\/\/nulk.cz\/atlastextilu\/wp-json\/wp\/v2\/media?parent=863"}],"wp:term":[{"taxonomy":"product_brand","embeddable":true,"href":"https:\/\/nulk.cz\/atlastextilu\/wp-json\/wp\/v2\/product_brand?post=863"},{"taxonomy":"product_cat","embeddable":true,"href":"https:\/\/nulk.cz\/atlastextilu\/wp-json\/wp\/v2\/product_cat?post=863"},{"taxonomy":"product_tag","embeddable":true,"href":"https:\/\/nulk.cz\/atlastextilu\/wp-json\/wp\/v2\/product_tag?post=863"}],"curies":[{"name":"wp","href":"https:\/\/api.w.org\/{rel}","templated":true}]}}

vlňák MVT 1_06_134

<p>Velký vlněný šátek užívaný v zimních měsících k zahalení horní části postavy.</p>
