{"id":876,"date":"2023-09-06T08:08:47","date_gmt":"2023-09-06T06:08:47","guid":{"rendered":"https:\/\/nulk.cz\/atlastextilu\/?post_type=product&#038;p=876"},"modified":"2023-09-06T08:08:47","modified_gmt":"2023-09-06T06:08:47","slug":"vlnena-tkanina-uee-2_3","status":"publish","type":"product","link":"https:\/\/nulk.cz\/atlastextilu\/vzorek\/vlnena-tkanina-uee-2_3\/","title":{"rendered":"vln\u011bn\u00e1 tkanina \u00daEE 2_3"},"content":{"rendered":"<p>Karta se vzorkem tkaniny &#8211; polovln\u011bn\u00e1 tkanina s pl\u00e1tnovou vazbou. Sb\u011br v ter\u00e9nu PhDr. Vlasta Svobodov\u00e1.<\/p>\n","protected":false},"excerpt":{"rendered":"<p>Karta se vzorkem tkaniny &#8211; polovln\u011bn\u00e1 tkanina s pl\u00e1tnovou vazbou. Sb\u011br v ter\u00e9nu PhDr. Vlasta Svobodov\u00e1.<\/p>\n","protected":false},"featured_media":877,"template":"","meta":[],"product_brand":[],"product_cat":[603],"product_tag":[],"class_list":{"0":"post-876","1":"product","2":"type-product","3":"status-publish","4":"has-post-thumbnail","6":"product_cat-vlnena-tkanina","7":"pa_barevnost-osnovnich-niti-bila","8":"pa_barevnost-osnovnich-niti-cerna","9":"pa_barevnost-osnovnich-niti-cervena","10":"pa_barevnost-osnovnich-niti-modra","11":"pa_barevnost-osnovnich-niti-ruzova","12":"pa_barevnost-textilie-cerna","13":"pa_barevnost-utkovych-niti-cerna","14":"pa_datace-ramcova-1-pol-20-stol","15":"pa_dostava-na-1-cm2-12-14","16":"pa_evidencni-c-2_3","17":"pa_instituce-uee-ustav-evropske-etnologie-ff-mu","18":"pa_konstrukce-osnovnich-niti-jednoducha-nit","19":"pa_konstrukce-utkovych-niti-jednoducha-nit","20":"pa_lokalita-dle-uziti-ceskomoravska-vysocina","21":"pa_lokalita-kraj-vysocina","22":"pa_lokalita-obec-bystrice-nad-pernstejnem","23":"pa_lokalita-obec-zdar-nad-sazavou","24":"pa_nazev-textilie-vlnena-tkanina","25":"pa_popsano-na-casti-odevu-jiny-viz-popis","26":"pa_tkanina-zjistena-na-karta-se-vzorkem-tkaniny","27":"pa_typ-textilie-tkanina","28":"pa_typ-vazby-platnova","29":"pa_vlakna-osnovnich-niti-bavlna","30":"pa_vlakna-utkovych-niti-vlna-ovci","31":"pa_vyrobce-textilie-neznamy","33":"entry","34":"has-media","36":"first","37":"instock","38":"shipping-taxable","39":"product-type-simple","40":"has-product-nav","41":"col","42":"span_1_of_5","43":"owp-content-center","44":"owp-thumbs-layout-vertical","45":"owp-btn-normal","46":"owp-tabs-layout-horizontal","47":"has-no-thumbnails"},"_links":{"self":[{"href":"https:\/\/nulk.cz\/atlastextilu\/wp-json\/wp\/v2\/product\/876","targetHints":{"allow":["GET"]}}],"collection":[{"href":"https:\/\/nulk.cz\/atlastextilu\/wp-json\/wp\/v2\/product"}],"about":[{"href":"https:\/\/nulk.cz\/atlastextilu\/wp-json\/wp\/v2\/types\/product"}],"wp:featuredmedia":[{"embeddable":true,"href":"https:\/\/nulk.cz\/atlastextilu\/wp-json\/wp\/v2\/media\/877"}],"wp:attachment":[{"href":"https:\/\/nulk.cz\/atlastextilu\/wp-json\/wp\/v2\/media?parent=876"}],"wp:term":[{"taxonomy":"product_brand","embeddable":true,"href":"https:\/\/nulk.cz\/atlastextilu\/wp-json\/wp\/v2\/product_brand?post=876"},{"taxonomy":"product_cat","embeddable":true,"href":"https:\/\/nulk.cz\/atlastextilu\/wp-json\/wp\/v2\/product_cat?post=876"},{"taxonomy":"product_tag","embeddable":true,"href":"https:\/\/nulk.cz\/atlastextilu\/wp-json\/wp\/v2\/product_tag?post=876"}],"curies":[{"name":"wp","href":"https:\/\/api.w.org\/{rel}","templated":true}]}}

vlněná tkanina ÚEE 2_3

<p>Karta se vzorkem tkaniny &#8211; polovlněná tkanina s plátnovou vazbou. Sběr v terénu PhDr. Vlasta Svobodová.</p>
