{"id":882,"date":"2023-09-06T08:23:19","date_gmt":"2023-09-06T06:23:19","guid":{"rendered":"https:\/\/nulk.cz\/atlastextilu\/?post_type=product&#038;p=882"},"modified":"2023-09-06T08:23:20","modified_gmt":"2023-09-06T06:23:20","slug":"vlnena-tkanina-nulk-5141","status":"publish","type":"product","link":"https:\/\/nulk.cz\/atlastextilu\/vzorek\/vlnena-tkanina-nulk-5141\/","title":{"rendered":"vln\u011bn\u00e1 tkanina N\u00daLK 5141"},"content":{"rendered":"<p>Sukn\u011b je u\u0161it\u00e1 ze dvou kus\u016f siln\u011bj\u0161\u00ed modr\u00e9 vln\u011bn\u00e9 l\u00e1tky. Sukn\u011b je v\u0161it\u00e1 do klotov\u00e9ho p\u00e1sku, stejn\u011b tak je spodn\u00ed okraj sukn\u011b podlo\u017een\u00fd klotem.<\/p>\n","protected":false},"excerpt":{"rendered":"<p>Sukn\u011b je u\u0161it\u00e1 ze dvou kus\u016f siln\u011bj\u0161\u00ed modr\u00e9 vln\u011bn\u00e9 l\u00e1tky. Sukn\u011b je v\u0161it\u00e1 do klotov\u00e9ho p\u00e1sku, stejn\u011b tak je spodn\u00ed okraj sukn\u011b podlo\u017een\u00fd klotem.<\/p>\n","protected":false},"featured_media":883,"template":"","meta":[],"product_brand":[],"product_cat":[603],"product_tag":[],"class_list":{"0":"post-882","1":"product","2":"type-product","3":"status-publish","4":"has-post-thumbnail","6":"product_cat-vlnena-tkanina","7":"pa_barevnost-osnovnich-niti-modra","8":"pa_barevnost-textilie-modra","9":"pa_barevnost-utkovych-niti-modra","10":"pa_datace-ramcova-1-pol-20-stol","11":"pa_dostava-na-1-cm2-10-9","12":"pa_evidencni-c-616","13":"pa_instituce-nulk-narodni-ustav-lidove-kultury-ve-straznici","14":"pa_konstrukce-osnovnich-niti-jednoducha-nit","15":"pa_konstrukce-utkovych-niti-jednoducha-nit","16":"pa_lokalita-dle-uziti-slovacko-dolnacko","17":"pa_lokalita-kraj-zlinsky","18":"pa_lokalita-obec-osvetimany","19":"pa_lokalita-obec-uherske-hradiste","20":"pa_nazev-textilie-vlnena-tkanina","21":"pa_popsano-na-casti-odevu-sukne","22":"pa_tkanina-zjistena-na-sukne-vrchni","23":"pa_typ-textilie-tkanina","24":"pa_typ-vazby-platnova","25":"pa_vlakna-osnovnich-niti-nezjisteno","26":"pa_vlakna-utkovych-niti-nezjisteno","27":"pa_vyrobce-textilie-neznamy","29":"entry","30":"has-media","32":"first","33":"instock","34":"shipping-taxable","35":"product-type-simple","36":"has-product-nav","37":"col","38":"span_1_of_5","39":"owp-content-center","40":"owp-thumbs-layout-vertical","41":"owp-btn-normal","42":"owp-tabs-layout-horizontal"},"_links":{"self":[{"href":"https:\/\/nulk.cz\/atlastextilu\/wp-json\/wp\/v2\/product\/882","targetHints":{"allow":["GET"]}}],"collection":[{"href":"https:\/\/nulk.cz\/atlastextilu\/wp-json\/wp\/v2\/product"}],"about":[{"href":"https:\/\/nulk.cz\/atlastextilu\/wp-json\/wp\/v2\/types\/product"}],"wp:featuredmedia":[{"embeddable":true,"href":"https:\/\/nulk.cz\/atlastextilu\/wp-json\/wp\/v2\/media\/883"}],"wp:attachment":[{"href":"https:\/\/nulk.cz\/atlastextilu\/wp-json\/wp\/v2\/media?parent=882"}],"wp:term":[{"taxonomy":"product_brand","embeddable":true,"href":"https:\/\/nulk.cz\/atlastextilu\/wp-json\/wp\/v2\/product_brand?post=882"},{"taxonomy":"product_cat","embeddable":true,"href":"https:\/\/nulk.cz\/atlastextilu\/wp-json\/wp\/v2\/product_cat?post=882"},{"taxonomy":"product_tag","embeddable":true,"href":"https:\/\/nulk.cz\/atlastextilu\/wp-json\/wp\/v2\/product_tag?post=882"}],"curies":[{"name":"wp","href":"https:\/\/api.w.org\/{rel}","templated":true}]}}

vlněná tkanina NÚLK 5141

<p>Sukně je ušitá ze dvou kusů silnější modré vlněné látky. Sukně je všitá do klotového pásku, stejně tak je spodní okraj sukně podložený klotem.</p>
