{"id":912,"date":"2023-09-06T09:03:04","date_gmt":"2023-09-06T07:03:04","guid":{"rendered":"https:\/\/nulk.cz\/atlastextilu\/?post_type=product&#038;p=912"},"modified":"2023-09-06T09:03:04","modified_gmt":"2023-09-06T07:03:04","slug":"vlnena-tkanina-uee-1_6","status":"publish","type":"product","link":"https:\/\/nulk.cz\/atlastextilu\/vzorek\/vlnena-tkanina-uee-1_6\/","title":{"rendered":"vln\u011bn\u00e1 tkanina \u00daEE 1_6"},"content":{"rendered":"<p>Karta se vzorkem tkaniny &#8211; vln\u011bn\u00e1 tkanina v keprov\u00e9 vazb\u011b. Osnovn\u00ed nit\u011b snovan\u00e9 v barevn\u00e9 st\u0159\u00edd\u011b a skan\u00e9. \u00datkov\u00e9 nit\u011b h\u00e1zen\u00e9 dvojit\u011b. Sb\u011br v ter\u00e9nu PhDr. Vlasta Svobodov\u00e1.<\/p>\n","protected":false},"excerpt":{"rendered":"<p>Karta se vzorkem tkaniny &#8211; vln\u011bn\u00e1 tkanina v keprov\u00e9 vazb\u011b. Osnovn\u00ed nit\u011b snovan\u00e9 v barevn\u00e9 st\u0159\u00edd\u011b a skan\u00e9. \u00datkov\u00e9 nit\u011b h\u00e1zen\u00e9 dvojit\u011b. Sb\u011br v ter\u00e9nu PhDr. Vlasta Svobodov\u00e1.<\/p>\n","protected":false},"featured_media":913,"template":"","meta":[],"product_brand":[],"product_cat":[603],"product_tag":[],"class_list":{"0":"post-912","1":"product","2":"type-product","3":"status-publish","4":"has-post-thumbnail","6":"product_cat-vlnena-tkanina","7":"pa_barevnost-osnovnich-niti-bila","8":"pa_barevnost-osnovnich-niti-hneda","9":"pa_barevnost-osnovnich-niti-zelena","10":"pa_barevnost-textilie-vicebarevna","11":"pa_barevnost-utkovych-niti-hneda","12":"pa_barevnost-utkovych-niti-vicebarevna","13":"pa_datace-ramcova-1-pol-20-stol","14":"pa_dostava-na-1-cm2-10-12","15":"pa_evidencni-c-1_6","16":"pa_instituce-uee-ustav-evropske-etnologie-ff-mu","17":"pa_konstrukce-osnovnich-niti-skana-nit","18":"pa_konstrukce-utkovych-niti-skana-nit","19":"pa_lokalita-dle-uziti-ceskomoravska-vysocina","20":"pa_lokalita-kraj-vysocina","21":"pa_lokalita-obec-jimramov","22":"pa_lokalita-obec-zdar-nad-sazavou","23":"pa_nazev-textilie-vlnena-tkanina","24":"pa_popsano-na-casti-odevu-jiny-viz-popis","25":"pa_tkanina-zjistena-na-karta-se-vzorkem-tkaniny","26":"pa_typ-textilie-tkanina","27":"pa_typ-vazby-kepr","28":"pa_vlakna-osnovnich-niti-bavlna","29":"pa_vlakna-osnovnich-niti-vlna-ovci","30":"pa_vlakna-utkovych-niti-vlna-ovci","31":"pa_vyrobce-textilie-neznamy","33":"entry","34":"has-media","36":"first","37":"instock","38":"shipping-taxable","39":"product-type-simple","40":"has-product-nav","41":"col","42":"span_1_of_5","43":"owp-content-center","44":"owp-thumbs-layout-vertical","45":"owp-btn-normal","46":"owp-tabs-layout-horizontal","47":"has-no-thumbnails"},"_links":{"self":[{"href":"https:\/\/nulk.cz\/atlastextilu\/wp-json\/wp\/v2\/product\/912","targetHints":{"allow":["GET"]}}],"collection":[{"href":"https:\/\/nulk.cz\/atlastextilu\/wp-json\/wp\/v2\/product"}],"about":[{"href":"https:\/\/nulk.cz\/atlastextilu\/wp-json\/wp\/v2\/types\/product"}],"wp:featuredmedia":[{"embeddable":true,"href":"https:\/\/nulk.cz\/atlastextilu\/wp-json\/wp\/v2\/media\/913"}],"wp:attachment":[{"href":"https:\/\/nulk.cz\/atlastextilu\/wp-json\/wp\/v2\/media?parent=912"}],"wp:term":[{"taxonomy":"product_brand","embeddable":true,"href":"https:\/\/nulk.cz\/atlastextilu\/wp-json\/wp\/v2\/product_brand?post=912"},{"taxonomy":"product_cat","embeddable":true,"href":"https:\/\/nulk.cz\/atlastextilu\/wp-json\/wp\/v2\/product_cat?post=912"},{"taxonomy":"product_tag","embeddable":true,"href":"https:\/\/nulk.cz\/atlastextilu\/wp-json\/wp\/v2\/product_tag?post=912"}],"curies":[{"name":"wp","href":"https:\/\/api.w.org\/{rel}","templated":true}]}}

vlněná tkanina ÚEE 1_6

<p>Karta se vzorkem tkaniny &#8211; vlněná tkanina v keprové vazbě. Osnovní nitě snované v barevné střídě a skané. Útkové nitě házené dvojitě. Sběr v terénu PhDr. Vlasta Svobodová.</p>
